{"id":3124,"date":"2016-02-23T14:26:12","date_gmt":"2016-02-23T13:26:12","guid":{"rendered":"http:\/\/www.chateau-montsoreau.com\/wordpress\/?page_id=3124"},"modified":"2025-08-25T13:32:30","modified_gmt":"2025-08-25T12:32:30","slug":"home","status":"publish","type":"page","link":"https:\/\/www.chateau-montsoreau.com\/wordpress\/en\/home\/","title":{"rendered":"Home"},"content":{"rendered":"<h2 style=\"text-align: center;\">The Ch\u00e2teau de Montsoreau-Museum of contemporary art,<br \/>\nLoire Valley<\/h2>\n<p style=\"text-align: center;\">The ch\u00e2teau de Montsoreau-Museum of contemporary art has the world&rsquo;s largest collection of works by the Art &amp; Language movement. It is located in the Loire Valley, a UNESCO World Heritage Site, in Maine-et-Loire in the commune of Montsoreau between Angers and Tours.<\/p>\n<p style=\"text-align: center;\"><img loading=\"lazy\" decoding=\"async\" class=\"aligncenter wp-image-5881 size-full\" src=\"http:\/\/www.chateau-montsoreau.com\/wordpress\/wp-content\/uploads\/2014\/12\/Art-contemporain.jpg\" alt=\"\" width=\"1200\" height=\"799\" \/><\/p>\n<h2 style=\"text-align: left;\">Art &amp; Language<\/h2>\n<p>Art &amp; Language is a pioneering movement in Conceptual Art. The name was adopted in parallel with the creation of the journal <em>Art-Language<\/em>, created in 1968; this journal had a profound influence on contemporary art. As early as the 1960s, Art &amp; Language imagined a separation between the art object and the work of art. He has included in his ranks: Michael Baldwin, Mel Ramsden, Charles Harrison, Joseph Kosuth, Terry Atkinson, Harold Hurrell, David Bainbridge, Andrew Menard, Michael Corris, Ian Burn, Philip Pilkington, Kathryn Bigelow, David Rushton, Mayo Thompson, Sarah Charlesworth, Christine Koslov, Paula Ramsden, Preston Heller, Lynn Lemaster, Graham Howard, Sandra Harrison, Nigel Powell, Terry Smith, Nigel Lendon. In 1986, Art &amp; Language was nominated for the Turner Prize.<\/p>\n<h2 style=\"text-align: left;\">Architecture<\/h2>\n<p>The architecture of Ch\u00e2teau de Montsoreau is also a pioneer of the renaissance in France, the only castle in the Loire Valley to have been built on the river bed. It is also one of the very first examples of pleasure architecture in the Loire Valley.\u00a0Built in 1450 by one of the richest men in the kingdom, John II of Chambes, first adviser to the Kings of France Charles VII and Louis XI, ambassador to Venice and partner of Jacques Coeur.\u00a0Its exceptional and avant-garde architecture is explained as much by his travels as by his fortune.<\/p>\n<h2 style=\"text-align: left;\">Museum of contemporary art and Ch\u00e2teau of the Loire Valley<\/h2>\n<p>The opening to the public of the Ch\u00e2teau de Montsoreau-Museum of contemporary art was made possible by the collaboration between the collector Philippe M\u00e9aille and the department of Maine-et-Loire.\u00a0This took place in April 2016. This choice has its origin both in the exceptional Renaissance architecture of the Ch\u00e2teau de Montsoreau and in its location. Built on a rocky outcrop located in the course of the Loire, it gives it the particularity of being the only chateau of\u00a0 theLoire Valley to have been built on the river bed; at the very place where the Vienne flows into the Loire and becomes the widest river in France. Its location in the heart of the Loire Valley makes it a wonderful place for tourism. The region has a strong identity and a very diverse international audience.<\/p>\n<p>It is part of the network of museums of modern and contemporary art in France such as: The Mus\u00e9e National d&rsquo;Art Moderne, the Mus\u00e9e d&rsquo;Art Moderne de la ville de Paris, the Louis Vuitton Foundation, the CAPC Bordeaux, the Magasin Grenoble, the CCCOD Tours, the Mus\u00e9e de Saint-Etienne.<\/p>\n","protected":false},"excerpt":{"rendered":"<p>The Ch\u00e2teau de Montsoreau-Museum of contemporary art, Loire Valley The ch\u00e2teau de Montsoreau-Museum of contemporary art has the world&rsquo;s largest collection of works by the Art &amp; Language movement. It is located in the Loire Valley, a UNESCO World Heritage Site, in Maine-et-Loire in the commune of Montsoreau between Angers and Tours. Art &amp; Language [&hellip;]<\/p>\n","protected":false},"author":5,"featured_media":0,"parent":0,"menu_order":0,"comment_status":"closed","ping_status":"closed","template":"","meta":{"footnotes":""},"class_list":["post-3124","page","type-page","status-publish","hentry"],"yoast_head":"<!-- This site is optimized with the Yoast SEO plugin v27.3 - https:\/\/yoast.com\/product\/yoast-seo-wordpress\/ -->\n<title>Ch\u00e2teau de Montsoreau-Museum of Contemporary Art, Loire valley<\/title>\n<meta name=\"description\" content=\"The world&#039;s largest collection of Art &amp; Language works, pioneers of conceptual art. An exceptional collection of contemporary art, two hours from Paris in the Loire Valley.\" \/>\n<meta name=\"robots\" content=\"index, follow, max-snippet:-1, max-image-preview:large, max-video-preview:-1\" \/>\n<link rel=\"canonical\" href=\"https:\/\/www.chateau-montsoreau.com\/wordpress\/en\/home\/\" \/>\n<meta property=\"og:locale\" content=\"fr_FR\" \/>\n<meta property=\"og:type\" content=\"article\" \/>\n<meta property=\"og:title\" content=\"Ch\u00e2teau de Montsoreau-Museum of Contemporary Art, Loire valley\" \/>\n<meta property=\"og:description\" content=\"The world&#039;s largest collection of Art &amp; Language works, pioneers of conceptual art. An exceptional collection of contemporary art, two hours from Paris in the Loire Valley.\" \/>\n<meta property=\"og:url\" content=\"https:\/\/www.chateau-montsoreau.com\/wordpress\/en\/home\/\" \/>\n<meta property=\"og:site_name\" content=\"Ch\u00e2teau de Montsoreau-Mus\u00e9e d&#039;Art Contemporain\" \/>\n<meta property=\"article:publisher\" content=\"https:\/\/www.facebook.com\/chateaudemontsoreau\/\" \/>\n<meta property=\"article:modified_time\" content=\"2025-08-25T12:32:30+00:00\" \/>\n<meta property=\"og:image\" content=\"https:\/\/www.chateau-montsoreau.com\/wordpress\/wp-content\/uploads\/2014\/12\/Art-contemporain.jpg\" \/>\n\t<meta property=\"og:image:width\" content=\"1200\" \/>\n\t<meta property=\"og:image:height\" content=\"799\" \/>\n\t<meta property=\"og:image:type\" content=\"image\/jpeg\" \/>\n<meta name=\"twitter:card\" content=\"summary_large_image\" \/>\n<meta name=\"twitter:site\" content=\"@Cmontsoreau\" \/>\n<meta name=\"twitter:label1\" content=\"Dur\u00e9e de lecture estim\u00e9e\" \/>\n\t<meta name=\"twitter:data1\" content=\"2 minutes\" \/>\n<script type=\"application\/ld+json\" class=\"yoast-schema-graph\">{\"@context\":\"https:\\\/\\\/schema.org\",\"@graph\":[{\"@type\":\"WebPage\",\"@id\":\"https:\\\/\\\/www.chateau-montsoreau.com\\\/wordpress\\\/en\\\/home\\\/\",\"url\":\"https:\\\/\\\/www.chateau-montsoreau.com\\\/wordpress\\\/en\\\/home\\\/\",\"name\":\"Ch\u00e2teau de Montsoreau-Museum of Contemporary Art, Loire valley\",\"isPartOf\":{\"@id\":\"https:\\\/\\\/www.chateau-montsoreau.com\\\/wordpress\\\/#website\"},\"primaryImageOfPage\":{\"@id\":\"https:\\\/\\\/www.chateau-montsoreau.com\\\/wordpress\\\/en\\\/home\\\/#primaryimage\"},\"image\":{\"@id\":\"https:\\\/\\\/www.chateau-montsoreau.com\\\/wordpress\\\/en\\\/home\\\/#primaryimage\"},\"thumbnailUrl\":\"http:\\\/\\\/www.chateau-montsoreau.com\\\/wordpress\\\/wp-content\\\/uploads\\\/2014\\\/12\\\/Art-contemporain.jpg\",\"datePublished\":\"2016-02-23T13:26:12+00:00\",\"dateModified\":\"2025-08-25T12:32:30+00:00\",\"description\":\"The world's largest collection of Art & Language works, pioneers of conceptual art. An exceptional collection of contemporary art, two hours from Paris in the Loire Valley.\",\"breadcrumb\":{\"@id\":\"https:\\\/\\\/www.chateau-montsoreau.com\\\/wordpress\\\/en\\\/home\\\/#breadcrumb\"},\"inLanguage\":\"fr-FR\",\"potentialAction\":[{\"@type\":\"ReadAction\",\"target\":[\"https:\\\/\\\/www.chateau-montsoreau.com\\\/wordpress\\\/en\\\/home\\\/\"]}]},{\"@type\":\"ImageObject\",\"inLanguage\":\"fr-FR\",\"@id\":\"https:\\\/\\\/www.chateau-montsoreau.com\\\/wordpress\\\/en\\\/home\\\/#primaryimage\",\"url\":\"http:\\\/\\\/www.chateau-montsoreau.com\\\/wordpress\\\/wp-content\\\/uploads\\\/2014\\\/12\\\/Art-contemporain.jpg\",\"contentUrl\":\"http:\\\/\\\/www.chateau-montsoreau.com\\\/wordpress\\\/wp-content\\\/uploads\\\/2014\\\/12\\\/Art-contemporain.jpg\"},{\"@type\":\"BreadcrumbList\",\"@id\":\"https:\\\/\\\/www.chateau-montsoreau.com\\\/wordpress\\\/en\\\/home\\\/#breadcrumb\",\"itemListElement\":[{\"@type\":\"ListItem\",\"position\":1,\"name\":\"Accueil\",\"item\":\"https:\\\/\\\/www.chateau-montsoreau.com\\\/wordpress\\\/fr\\\/\"},{\"@type\":\"ListItem\",\"position\":2,\"name\":\"Home\"}]},{\"@type\":\"WebSite\",\"@id\":\"https:\\\/\\\/www.chateau-montsoreau.com\\\/wordpress\\\/#website\",\"url\":\"https:\\\/\\\/www.chateau-montsoreau.com\\\/wordpress\\\/\",\"name\":\"Ch\u00e2teau de Montsoreau-Mus\u00e9e d&#039;Art Contemporain\",\"description\":\"Ch\u00e2teaux de la Loire Art Contemporain Art Conceptuel\",\"publisher\":{\"@id\":\"https:\\\/\\\/www.chateau-montsoreau.com\\\/wordpress\\\/#organization\"},\"potentialAction\":[{\"@type\":\"SearchAction\",\"target\":{\"@type\":\"EntryPoint\",\"urlTemplate\":\"https:\\\/\\\/www.chateau-montsoreau.com\\\/wordpress\\\/?s={search_term_string}\"},\"query-input\":{\"@type\":\"PropertyValueSpecification\",\"valueRequired\":true,\"valueName\":\"search_term_string\"}}],\"inLanguage\":\"fr-FR\"},{\"@type\":\"Organization\",\"@id\":\"https:\\\/\\\/www.chateau-montsoreau.com\\\/wordpress\\\/#organization\",\"name\":\"Ch\u00e2teau de Montsoreau - Mus\u00e9e d'art contemporain\",\"url\":\"https:\\\/\\\/www.chateau-montsoreau.com\\\/wordpress\\\/\",\"logo\":{\"@type\":\"ImageObject\",\"inLanguage\":\"fr-FR\",\"@id\":\"https:\\\/\\\/www.chateau-montsoreau.com\\\/wordpress\\\/#\\\/schema\\\/logo\\\/image\\\/\",\"url\":\"https:\\\/\\\/www.chateau-montsoreau.com\\\/wordpress\\\/wp-content\\\/uploads\\\/2016\\\/03\\\/Logo-Montsoreau-tout-petit-1.png\",\"contentUrl\":\"https:\\\/\\\/www.chateau-montsoreau.com\\\/wordpress\\\/wp-content\\\/uploads\\\/2016\\\/03\\\/Logo-Montsoreau-tout-petit-1.png\",\"width\":133,\"height\":133,\"caption\":\"Ch\u00e2teau de Montsoreau - Mus\u00e9e d'art contemporain\"},\"image\":{\"@id\":\"https:\\\/\\\/www.chateau-montsoreau.com\\\/wordpress\\\/#\\\/schema\\\/logo\\\/image\\\/\"},\"sameAs\":[\"https:\\\/\\\/www.facebook.com\\\/chateaudemontsoreau\\\/\",\"https:\\\/\\\/x.com\\\/Cmontsoreau\",\"https:\\\/\\\/www.instagram.com\\\/chateaudemontsoreau\\\/\",\"http:\\\/\\\/www.pinterest.com\\\/Cmontsoreau\"]}]}<\/script>\n<!-- \/ Yoast SEO plugin. -->","yoast_head_json":{"title":"Ch\u00e2teau de Montsoreau-Museum of Contemporary Art, Loire valley","description":"The world's largest collection of Art & Language works, pioneers of conceptual art. An exceptional collection of contemporary art, two hours from Paris in the Loire Valley.","robots":{"index":"index","follow":"follow","max-snippet":"max-snippet:-1","max-image-preview":"max-image-preview:large","max-video-preview":"max-video-preview:-1"},"canonical":"https:\/\/www.chateau-montsoreau.com\/wordpress\/en\/home\/","og_locale":"fr_FR","og_type":"article","og_title":"Ch\u00e2teau de Montsoreau-Museum of Contemporary Art, Loire valley","og_description":"The world's largest collection of Art & Language works, pioneers of conceptual art. An exceptional collection of contemporary art, two hours from Paris in the Loire Valley.","og_url":"https:\/\/www.chateau-montsoreau.com\/wordpress\/en\/home\/","og_site_name":"Ch\u00e2teau de Montsoreau-Mus\u00e9e d&#039;Art Contemporain","article_publisher":"https:\/\/www.facebook.com\/chateaudemontsoreau\/","article_modified_time":"2025-08-25T12:32:30+00:00","og_image":[{"width":1200,"height":799,"url":"https:\/\/www.chateau-montsoreau.com\/wordpress\/wp-content\/uploads\/2014\/12\/Art-contemporain.jpg","type":"image\/jpeg"}],"twitter_card":"summary_large_image","twitter_site":"@Cmontsoreau","twitter_misc":{"Dur\u00e9e de lecture estim\u00e9e":"2 minutes"},"schema":{"@context":"https:\/\/schema.org","@graph":[{"@type":"WebPage","@id":"https:\/\/www.chateau-montsoreau.com\/wordpress\/en\/home\/","url":"https:\/\/www.chateau-montsoreau.com\/wordpress\/en\/home\/","name":"Ch\u00e2teau de Montsoreau-Museum of Contemporary Art, Loire valley","isPartOf":{"@id":"https:\/\/www.chateau-montsoreau.com\/wordpress\/#website"},"primaryImageOfPage":{"@id":"https:\/\/www.chateau-montsoreau.com\/wordpress\/en\/home\/#primaryimage"},"image":{"@id":"https:\/\/www.chateau-montsoreau.com\/wordpress\/en\/home\/#primaryimage"},"thumbnailUrl":"http:\/\/www.chateau-montsoreau.com\/wordpress\/wp-content\/uploads\/2014\/12\/Art-contemporain.jpg","datePublished":"2016-02-23T13:26:12+00:00","dateModified":"2025-08-25T12:32:30+00:00","description":"The world's largest collection of Art & Language works, pioneers of conceptual art. An exceptional collection of contemporary art, two hours from Paris in the Loire Valley.","breadcrumb":{"@id":"https:\/\/www.chateau-montsoreau.com\/wordpress\/en\/home\/#breadcrumb"},"inLanguage":"fr-FR","potentialAction":[{"@type":"ReadAction","target":["https:\/\/www.chateau-montsoreau.com\/wordpress\/en\/home\/"]}]},{"@type":"ImageObject","inLanguage":"fr-FR","@id":"https:\/\/www.chateau-montsoreau.com\/wordpress\/en\/home\/#primaryimage","url":"http:\/\/www.chateau-montsoreau.com\/wordpress\/wp-content\/uploads\/2014\/12\/Art-contemporain.jpg","contentUrl":"http:\/\/www.chateau-montsoreau.com\/wordpress\/wp-content\/uploads\/2014\/12\/Art-contemporain.jpg"},{"@type":"BreadcrumbList","@id":"https:\/\/www.chateau-montsoreau.com\/wordpress\/en\/home\/#breadcrumb","itemListElement":[{"@type":"ListItem","position":1,"name":"Accueil","item":"https:\/\/www.chateau-montsoreau.com\/wordpress\/fr\/"},{"@type":"ListItem","position":2,"name":"Home"}]},{"@type":"WebSite","@id":"https:\/\/www.chateau-montsoreau.com\/wordpress\/#website","url":"https:\/\/www.chateau-montsoreau.com\/wordpress\/","name":"Ch\u00e2teau de Montsoreau-Mus\u00e9e d&#039;Art Contemporain","description":"Ch\u00e2teaux de la Loire Art Contemporain Art Conceptuel","publisher":{"@id":"https:\/\/www.chateau-montsoreau.com\/wordpress\/#organization"},"potentialAction":[{"@type":"SearchAction","target":{"@type":"EntryPoint","urlTemplate":"https:\/\/www.chateau-montsoreau.com\/wordpress\/?s={search_term_string}"},"query-input":{"@type":"PropertyValueSpecification","valueRequired":true,"valueName":"search_term_string"}}],"inLanguage":"fr-FR"},{"@type":"Organization","@id":"https:\/\/www.chateau-montsoreau.com\/wordpress\/#organization","name":"Ch\u00e2teau de Montsoreau - Mus\u00e9e d'art contemporain","url":"https:\/\/www.chateau-montsoreau.com\/wordpress\/","logo":{"@type":"ImageObject","inLanguage":"fr-FR","@id":"https:\/\/www.chateau-montsoreau.com\/wordpress\/#\/schema\/logo\/image\/","url":"https:\/\/www.chateau-montsoreau.com\/wordpress\/wp-content\/uploads\/2016\/03\/Logo-Montsoreau-tout-petit-1.png","contentUrl":"https:\/\/www.chateau-montsoreau.com\/wordpress\/wp-content\/uploads\/2016\/03\/Logo-Montsoreau-tout-petit-1.png","width":133,"height":133,"caption":"Ch\u00e2teau de Montsoreau - Mus\u00e9e d'art contemporain"},"image":{"@id":"https:\/\/www.chateau-montsoreau.com\/wordpress\/#\/schema\/logo\/image\/"},"sameAs":["https:\/\/www.facebook.com\/chateaudemontsoreau\/","https:\/\/x.com\/Cmontsoreau","https:\/\/www.instagram.com\/chateaudemontsoreau\/","http:\/\/www.pinterest.com\/Cmontsoreau"]}]}},"_links":{"self":[{"href":"https:\/\/www.chateau-montsoreau.com\/wordpress\/wp-json\/wp\/v2\/pages\/3124","targetHints":{"allow":["GET"]}}],"collection":[{"href":"https:\/\/www.chateau-montsoreau.com\/wordpress\/wp-json\/wp\/v2\/pages"}],"about":[{"href":"https:\/\/www.chateau-montsoreau.com\/wordpress\/wp-json\/wp\/v2\/types\/page"}],"author":[{"embeddable":true,"href":"https:\/\/www.chateau-montsoreau.com\/wordpress\/wp-json\/wp\/v2\/users\/5"}],"replies":[{"embeddable":true,"href":"https:\/\/www.chateau-montsoreau.com\/wordpress\/wp-json\/wp\/v2\/comments?post=3124"}],"version-history":[{"count":12,"href":"https:\/\/www.chateau-montsoreau.com\/wordpress\/wp-json\/wp\/v2\/pages\/3124\/revisions"}],"predecessor-version":[{"id":8989,"href":"https:\/\/www.chateau-montsoreau.com\/wordpress\/wp-json\/wp\/v2\/pages\/3124\/revisions\/8989"}],"wp:attachment":[{"href":"https:\/\/www.chateau-montsoreau.com\/wordpress\/wp-json\/wp\/v2\/media?parent=3124"}],"curies":[{"name":"wp","href":"https:\/\/api.w.org\/{rel}","templated":true}]}}