{"id":6692,"date":"2019-09-06T10:25:14","date_gmt":"2019-09-06T09:25:14","guid":{"rendered":"http:\/\/www.chateau-montsoreau.com\/wordpress\/?page_id=6692"},"modified":"2020-01-27T16:44:38","modified_gmt":"2020-01-27T15:44:38","slug":"informazioni-pratiche","status":"publish","type":"page","link":"https:\/\/www.chateau-montsoreau.com\/wordpress\/it\/informazioni-pratiche\/","title":{"rendered":"Informazioni pratiche"},"content":{"rendered":"<p>Castello di Montsoreau-Museo di arte contemporanea<br \/>\nPassage du marquis de geoffre<br \/>\n49730 Montsoreau, Valle della Loira.<br \/>\nAperto tutto l&rsquo;anno<\/p>\n<h6 class=\"ut-title-divider \" ><span><\/p>\n<h2>Tariffe<\/h2>\n<p><\/span><\/h6>\n<p><div class=\"ut-pt-wrap ut-pt-wrap-style-1\"><div class=\"grid-33 tablet-grid-33 mobile-grid-100\"><div class=\"ut-pricing-table\"><header class=\"ut-pt-header ut-level-one\"><h2 class=\"ut-pt-title\">Tarifa adulto<\/h2><span class=\"ut-pt-title-slogan\">+ 18 anni<\/span><\/header><footer class=\"ut-pt-pricing\"><span class=\"ut-pt-price\"><sup>\u20ac<\/sup>10,70<\/span><\/footer><\/div><\/div><div class=\"grid-33 tablet-grid-33 mobile-grid-100\"><div class=\"ut-pricing-table\"><header class=\"ut-pt-header ut-level-one\"><h2 class=\"ut-pt-title\">Tarifa bambini<\/h2><span class=\"ut-pt-title-slogan\">da 5 a 18 anni<\/span><\/header><footer class=\"ut-pt-pricing\"><span class=\"ut-pt-price\"><sup>\u20ac<\/sup>6,70<\/span><\/footer><\/div><\/div><div class=\"grid-33 tablet-grid-33 mobile-grid-100\"><div class=\"ut-pricing-table\"><header class=\"ut-pt-header ut-level-one\"><h2 class=\"ut-pt-title\">Gratis<\/h2><span class=\"ut-pt-title-slogan\">Persone a mobilit\u00e0 ridotta e accompagnatori, bambini sotto i 5 anni, stampa<\/span><\/header><\/div><\/div><div class=\"clear\"><\/div><\/div><br \/>\n<div class=\"ut-pt-wrap ut-pt-wrap-style-1\"><div class=\"grid-33 tablet-grid-33 mobile-grid-100\"><div class=\"ut-pricing-table\"><header class=\"ut-pt-header ut-level-one\"><h2 class=\"ut-pt-title\">Tarifa ridotta<\/h2><span class=\"ut-pt-title-slogan\">Studenti<\/span><\/header><footer class=\"ut-pt-pricing\"><span class=\"ut-pt-price\"><sup>\u20ac<\/sup>8,70<\/span><\/footer><\/div><\/div><div class=\"grid-33 tablet-grid-33 mobile-grid-100\"><div class=\"ut-pricing-table\"><header class=\"ut-pt-header ut-level-one\"><h2 class=\"ut-pt-title\">Tarifa ridotta <\/h2><span class=\"ut-pt-title-slogan\">ricercatore di lavoro<\/span><\/header><footer class=\"ut-pt-pricing\"><span class=\"ut-pt-price\"><sup>\u20ac<\/sup>8,90<\/span><\/footer><\/div><\/div><div class=\"grid-33 tablet-grid-33 mobile-grid-100\"><div class=\"ut-pricing-table\"><header class=\"ut-pt-header ut-level-one\"><h2 class=\"ut-pt-title\">Tarifa Famiglia<\/h2><span class=\"ut-pt-title-slogan\">2 adulti + 2 bambini<\/span><\/header><footer class=\"ut-pt-pricing\"><span class=\"ut-pt-price\"><sup>\u20ac<\/sup>27,80<\/span><\/footer><\/div><\/div><div class=\"clear\"><\/div><\/div><br \/>\n<\/p>\n<p><a href=\"https:\/\/sorties.telerama.fr\/pass-art-contemporain\"><img loading=\"lazy\" decoding=\"async\" class=\"alignnone size-full wp-image-6154\" src=\"http:\/\/www.chateau-montsoreau.com\/wordpress\/wp-content\/uploads\/2018\/10\/Telerama-Pass-art-contemporain-Ch\u00e2teau-de-Montsoreau-Mus\u00e9e-dart-contemporain-Val-de-Loire.gif\" alt=\"\" width=\"1000\" height=\"90\"><\/a><\/p>\n<h6 class=\"ut-title-divider \" ><span><\/p>\n<h2>Orari di apertura<\/h2>\n<p><\/span><\/h6>\n<div  class=\"ut-alert grey  \">\n<p style=\"text-align: center;\">Chiusura annuale dal 13 al 31 gennaio 2020<\/p>\n<p style=\"text-align: center;\">Gennaio \/ Febbraio \/ Febbraio \/ Marzo \/ Ottobre \/ Novembre \/ Dicembre<br \/>\n12 a. m-6 p. m<\/p>\n<p style=\"text-align: center;\">Aprile<br \/>\n12 a. m-7 p. m<\/p>\n<p style=\"text-align: center;\">Maggio \/ Giugno \/ Luglio \/ Agosto \/ Settembre<br \/>\n10 a. m-7 p. m. m<\/p>\n<p style=\"text-align: center;\">Chiuso il 24, 25 dicembre e 1 gennaio<\/p>\n<\/div>\n<h6 class=\"ut-title-divider \" ><span>\n<h2>Accesso<\/h2>\n<p><\/span><\/h6><br \/>\n<div  class=\"ut-two-thirds  \">\n<\/div>\n<div  class=\"ut-one-third ut-column-last  \">\n<div  class=\"ut-alert grey  \">\n<p style=\"text-align: center;\"><strong>Per strada<\/strong><br \/>\nUscita autostrada A85 numero 5 Bourgueil (seguire Saumur) D960<br \/>\nParcheggio gratuito situato a Quai Alexandre Dumas, sulle rive della Loira,<br \/>\nai piedi del castello (15 posti auto)<br \/>\nParcheggio dell&rsquo;Arceau, 5 minuti a piedi (300 posti auto \/ gratuito)<\/p>\n<p style=\"text-align: center;\"><strong>In treno<\/strong><br \/>\nStazione ferroviaria di Port Boulet: 11 km<br \/>\nStazione di Saumur: 17 km<br \/>\nStazione di&nbsp; Tours: 57 km<\/p>\n<p style=\"text-align: center;\"><strong>In aereo<\/strong><br \/>\nAeroporto di Angers Marc\u00e9: 59 km<br \/>\nAeroporto di Tours Valle della Loira: 74 km<br \/>\nAeroporto Poitiers Biard: 80 km<br \/>\nAeroporto di Nantes Atlantico: 159 km<br \/>\nCerca un volo su <a href=\"https:\/\/www.momondo.fr\/\">Momondo.fr<\/a><\/p>\n<p style=\"text-align: center;\"><strong>In autobus<\/strong><br \/>\nAutobus Saumur-Montsoreau:<br \/>\nConsulta gli orari qui<\/p>\n<p style=\"text-align: center;\"><strong>In barca<\/strong><br \/>\nCrociere Saumur-Montsoreau<br \/>\nTutti i sabati, dal 6 luglio al 31 agosto<br \/>\nDurata della crociera: 1h15<\/p>\n<\/div>\n<\/div><div class=\"clear\"><\/div>\n<hr>\n<p><!--\n[ut_title_divider]\n\n\n<h2>Le Restaurant<\/h2>\n\n\n[\/ut_title_divider]\n[ut_one] [ut_alert color=\"grey\"]\n<img loading=\"lazy\" decoding=\"async\" class=\"aligncenter wp-image-4786 size-full\" title=\"Cr\u00e9dits Photographiques : Chloe Ghesquier\" src=\"http:\/\/www.chateau-montsoreau.com\/wordpress\/wp-content\/uploads\/2016\/03\/Ch\u00e2teau-22.png\" alt=\"\" width=\"2000\" height=\"1501\" \/>[\/ut_alert] [\/ut_one_half]\n\n[ut_one_half_last] [ut_alert color=\"grey\"]\n\n\n<h5 style=\"text-align: center;\">Les cartes du Restaurant\nBient\u00f4t<\/h5>\n\n\n[\/ut_alert] [\/ut_one_half_last]\n\n[ut_alert color=\"grey\"]\n[ut_title_divider margin_top=\"5\"]\n\n\n<h2>Chez Alexandre<\/h2>\n\n\n[\/ut_title_divider]\n\n\n<h3 style=\"text-align: center;\">Situ\u00e9 dans la cour int\u00e9rieure, le Bistrot du Ch\u00e2teau propose une cuisine de saison \u00e0 la fois simple et inventive. Dans ce lieu convivial, vous vous laisserez surprendre par l'originalit\u00e9 d\u2019une carte authentique aux plats servis dans un cadre exceptionnel.<\/h3>\n\n\n[\/ut_alert]\n\n\n\n<hr \/ -->\n<p>&nbsp;<\/p>\n<h6 class=\"ut-title-divider \" ><span><\/p>\n<h2>Preparare la visita<\/h2>\n<p style=\"text-align: justify;\"><\/span><\/h6>\n<p><iframe loading=\"lazy\" style=\"border: 0;\" src=\"https:\/\/www.google.com\/maps\/embed?pb=!1m18!1m12!1m3!1d2710.0456731702134!2d0.06036031508782734!3d47.215688622893936!2m3!1f0!2f0!3f0!3m2!1i1024!2i768!4f13.1!3m3!1m2!1s0x0%3A0xa3ad940aa09d3ec4!2sCh%C3%A2teau%20de%20Montsoreau-Mus%C3%A9e%20d'art%20contemporain!5e0!3m2!1sfr!2sfr!4v1578134901008!5m2!1sfr!2sfr\" width=\"600\" height=\"450\" frameborder=\"0\" allowfullscreen=\"allowfullscreen\"><\/iframe><\/p>\n<p>Modalit\u00e0 di pagamento: contanti, assegni, assegni vacanze, carte di credito.<br \/>\nUltimo ingresso 45 minuti prima della chiusura del sito.<br \/>\nLingue parlate: francese \/ inglese.<br \/>\nTesti di mediazione all&rsquo;interno del museo tradotti in inglese, spagnolo, italiano.<br \/>\nArmadietti.<br \/>\nParcheggio biciclette.<br \/>\nPannolino per bambini.<br \/>\nAscensore.<br \/>\nCani accettati dentro e fuori, tenuti al guinzaglio.<br \/>\nBastoni da seduta.<br \/>\nParcheggio passeggini.<\/p>\n<p>Idealmente situato sulle rive della Loira, nel cuore del Parco Naturale Regionale della Loira-Anjou-Touraine, in uno dei pi\u00f9 bei villaggi della Francia, il Castello di Montsoreau-Museo di arte contemporanea combina la visita di un monumento con la scoperta di una collezione privata d&rsquo;arte contemporanea. Numerose attivit\u00e0 arricchiranno il vostro soggiorno a Montsoreau: canoa, sci nautico, turismo enoturistico (vini di Saumur e Chinon), mongolfiera, visite al villaggio trogloditico di Turquant, alla collegiata di Candes-Saint-Martin, alla confluenza della Vienne e della Loira o all&rsquo;abbazia di Fontevraud.<br \/>\nMaggiori informazioni sul sito web di <a href=\"https:\/\/www.anjou-tourisme.com\/fr\">Anjou tourismo<\/a>.<\/p>\n<p><img loading=\"lazy\" decoding=\"async\" class=\"alignnone size-full wp-image-7702\" src=\"http:\/\/www.chateau-montsoreau.com\/wordpress\/wp-content\/uploads\/2020\/01\/barre-pictos-pour-site-web-2.jpg\" alt=\"\" width=\"1243\" height=\"113\" srcset=\"https:\/\/www.chateau-montsoreau.com\/wordpress\/wp-content\/uploads\/2020\/01\/barre-pictos-pour-site-web-2.jpg 1243w, https:\/\/www.chateau-montsoreau.com\/wordpress\/wp-content\/uploads\/2020\/01\/barre-pictos-pour-site-web-2-600x55.jpg 600w, https:\/\/www.chateau-montsoreau.com\/wordpress\/wp-content\/uploads\/2020\/01\/barre-pictos-pour-site-web-2-300x27.jpg 300w, https:\/\/www.chateau-montsoreau.com\/wordpress\/wp-content\/uploads\/2020\/01\/barre-pictos-pour-site-web-2-768x70.jpg 768w, https:\/\/www.chateau-montsoreau.com\/wordpress\/wp-content\/uploads\/2020\/01\/barre-pictos-pour-site-web-2-1024x93.jpg 1024w\" sizes=\"auto, (max-width: 1243px) 100vw, 1243px\" \/><\/p>\n<p>&nbsp;<\/p>\n","protected":false},"excerpt":{"rendered":"<p>Castello di Montsoreau-Museo di arte contemporanea Passage du marquis de geoffre 49730 Montsoreau, Valle della Loira. Aperto tutto l&rsquo;anno &nbsp; Modalit\u00e0 di pagamento: contanti, assegni, assegni vacanze, carte di credito. Ultimo ingresso 45 minuti prima della chiusura del sito. Lingue parlate: francese \/ inglese. Testi di mediazione all&rsquo;interno del museo tradotti in inglese, spagnolo, italiano. [&hellip;]<\/p>\n","protected":false},"author":5,"featured_media":0,"parent":0,"menu_order":1,"comment_status":"closed","ping_status":"closed","template":"","meta":{"footnotes":""},"class_list":["post-6692","page","type-page","status-publish","hentry"],"yoast_head":"<!-- This site is optimized with the Yoast SEO plugin v27.3 - https:\/\/yoast.com\/product\/yoast-seo-wordpress\/ -->\n<title>Informazioni pratiche | Ch\u00e2teau de Montsoreau-Mus\u00e9e d&#039;Art Contemporain<\/title>\n<meta name=\"description\" content=\"Orari di apertura, prezzi: trovate qui tutte le informazioni pratiche per la vostra visita al Castello di Montsoreau - Museo di arte contempornea\" \/>\n<meta name=\"robots\" content=\"index, follow, max-snippet:-1, max-image-preview:large, max-video-preview:-1\" \/>\n<link rel=\"canonical\" href=\"https:\/\/www.chateau-montsoreau.com\/wordpress\/it\/informazioni-pratiche\/\" \/>\n<meta property=\"og:locale\" content=\"fr_FR\" \/>\n<meta property=\"og:type\" content=\"article\" \/>\n<meta property=\"og:title\" content=\"Informazioni pratiche | Ch\u00e2teau de Montsoreau-Mus\u00e9e d&#039;Art Contemporain\" \/>\n<meta property=\"og:description\" content=\"Orari di apertura, prezzi: trovate qui tutte le informazioni pratiche per la vostra visita al Castello di Montsoreau - Museo di arte contempornea\" \/>\n<meta property=\"og:url\" content=\"https:\/\/www.chateau-montsoreau.com\/wordpress\/it\/informazioni-pratiche\/\" \/>\n<meta property=\"og:site_name\" content=\"Ch\u00e2teau de Montsoreau-Mus\u00e9e d&#039;Art Contemporain\" \/>\n<meta property=\"article:publisher\" content=\"https:\/\/www.facebook.com\/chateaudemontsoreau\/\" \/>\n<meta property=\"article:modified_time\" content=\"2020-01-27T15:44:38+00:00\" \/>\n<meta property=\"og:image\" content=\"http:\/\/www.chateau-montsoreau.com\/wordpress\/wp-content\/uploads\/2018\/10\/Telerama-Pass-art-contemporain-Ch\u00e2teau-de-Montsoreau-Mus\u00e9e-dart-contemporain-Val-de-Loire.gif\" \/>\n<meta name=\"twitter:card\" content=\"summary_large_image\" \/>\n<meta name=\"twitter:site\" content=\"@Cmontsoreau\" \/>\n<meta name=\"twitter:label1\" content=\"Dur\u00e9e de lecture estim\u00e9e\" \/>\n\t<meta name=\"twitter:data1\" content=\"2 minutes\" \/>\n<script type=\"application\/ld+json\" class=\"yoast-schema-graph\">{\"@context\":\"https:\\\/\\\/schema.org\",\"@graph\":[{\"@type\":\"WebPage\",\"@id\":\"https:\\\/\\\/www.chateau-montsoreau.com\\\/wordpress\\\/it\\\/informazioni-pratiche\\\/\",\"url\":\"https:\\\/\\\/www.chateau-montsoreau.com\\\/wordpress\\\/it\\\/informazioni-pratiche\\\/\",\"name\":\"Informazioni pratiche | Ch\u00e2teau de Montsoreau-Mus\u00e9e d&#039;Art Contemporain\",\"isPartOf\":{\"@id\":\"https:\\\/\\\/www.chateau-montsoreau.com\\\/wordpress\\\/#website\"},\"primaryImageOfPage\":{\"@id\":\"https:\\\/\\\/www.chateau-montsoreau.com\\\/wordpress\\\/it\\\/informazioni-pratiche\\\/#primaryimage\"},\"image\":{\"@id\":\"https:\\\/\\\/www.chateau-montsoreau.com\\\/wordpress\\\/it\\\/informazioni-pratiche\\\/#primaryimage\"},\"thumbnailUrl\":\"http:\\\/\\\/www.chateau-montsoreau.com\\\/wordpress\\\/wp-content\\\/uploads\\\/2020\\\/01\\\/barre-pictos-pour-site-web-2.jpg\",\"datePublished\":\"2019-09-06T09:25:14+00:00\",\"dateModified\":\"2020-01-27T15:44:38+00:00\",\"description\":\"Orari di apertura, prezzi: trovate qui tutte le informazioni pratiche per la vostra visita al Castello di Montsoreau - Museo di arte contempornea\",\"breadcrumb\":{\"@id\":\"https:\\\/\\\/www.chateau-montsoreau.com\\\/wordpress\\\/it\\\/informazioni-pratiche\\\/#breadcrumb\"},\"inLanguage\":\"fr-FR\",\"potentialAction\":[{\"@type\":\"ReadAction\",\"target\":[\"https:\\\/\\\/www.chateau-montsoreau.com\\\/wordpress\\\/it\\\/informazioni-pratiche\\\/\"]}]},{\"@type\":\"ImageObject\",\"inLanguage\":\"fr-FR\",\"@id\":\"https:\\\/\\\/www.chateau-montsoreau.com\\\/wordpress\\\/it\\\/informazioni-pratiche\\\/#primaryimage\",\"url\":\"http:\\\/\\\/www.chateau-montsoreau.com\\\/wordpress\\\/wp-content\\\/uploads\\\/2020\\\/01\\\/barre-pictos-pour-site-web-2.jpg\",\"contentUrl\":\"http:\\\/\\\/www.chateau-montsoreau.com\\\/wordpress\\\/wp-content\\\/uploads\\\/2020\\\/01\\\/barre-pictos-pour-site-web-2.jpg\"},{\"@type\":\"BreadcrumbList\",\"@id\":\"https:\\\/\\\/www.chateau-montsoreau.com\\\/wordpress\\\/it\\\/informazioni-pratiche\\\/#breadcrumb\",\"itemListElement\":[{\"@type\":\"ListItem\",\"position\":1,\"name\":\"Accueil\",\"item\":\"https:\\\/\\\/www.chateau-montsoreau.com\\\/wordpress\\\/fr\\\/\"},{\"@type\":\"ListItem\",\"position\":2,\"name\":\"Informazioni pratiche\"}]},{\"@type\":\"WebSite\",\"@id\":\"https:\\\/\\\/www.chateau-montsoreau.com\\\/wordpress\\\/#website\",\"url\":\"https:\\\/\\\/www.chateau-montsoreau.com\\\/wordpress\\\/\",\"name\":\"Ch\u00e2teau de Montsoreau-Mus\u00e9e d&#039;Art Contemporain\",\"description\":\"Ch\u00e2teaux de la Loire Art Contemporain Art Conceptuel\",\"publisher\":{\"@id\":\"https:\\\/\\\/www.chateau-montsoreau.com\\\/wordpress\\\/#organization\"},\"potentialAction\":[{\"@type\":\"SearchAction\",\"target\":{\"@type\":\"EntryPoint\",\"urlTemplate\":\"https:\\\/\\\/www.chateau-montsoreau.com\\\/wordpress\\\/?s={search_term_string}\"},\"query-input\":{\"@type\":\"PropertyValueSpecification\",\"valueRequired\":true,\"valueName\":\"search_term_string\"}}],\"inLanguage\":\"fr-FR\"},{\"@type\":\"Organization\",\"@id\":\"https:\\\/\\\/www.chateau-montsoreau.com\\\/wordpress\\\/#organization\",\"name\":\"Ch\u00e2teau de Montsoreau - Mus\u00e9e d'art contemporain\",\"url\":\"https:\\\/\\\/www.chateau-montsoreau.com\\\/wordpress\\\/\",\"logo\":{\"@type\":\"ImageObject\",\"inLanguage\":\"fr-FR\",\"@id\":\"https:\\\/\\\/www.chateau-montsoreau.com\\\/wordpress\\\/#\\\/schema\\\/logo\\\/image\\\/\",\"url\":\"https:\\\/\\\/www.chateau-montsoreau.com\\\/wordpress\\\/wp-content\\\/uploads\\\/2016\\\/03\\\/Logo-Montsoreau-tout-petit-1.png\",\"contentUrl\":\"https:\\\/\\\/www.chateau-montsoreau.com\\\/wordpress\\\/wp-content\\\/uploads\\\/2016\\\/03\\\/Logo-Montsoreau-tout-petit-1.png\",\"width\":133,\"height\":133,\"caption\":\"Ch\u00e2teau de Montsoreau - Mus\u00e9e d'art contemporain\"},\"image\":{\"@id\":\"https:\\\/\\\/www.chateau-montsoreau.com\\\/wordpress\\\/#\\\/schema\\\/logo\\\/image\\\/\"},\"sameAs\":[\"https:\\\/\\\/www.facebook.com\\\/chateaudemontsoreau\\\/\",\"https:\\\/\\\/x.com\\\/Cmontsoreau\",\"https:\\\/\\\/www.instagram.com\\\/chateaudemontsoreau\\\/\",\"http:\\\/\\\/www.pinterest.com\\\/Cmontsoreau\"]}]}<\/script>\n<!-- \/ Yoast SEO plugin. -->","yoast_head_json":{"title":"Informazioni pratiche | Ch\u00e2teau de Montsoreau-Mus\u00e9e d&#039;Art Contemporain","description":"Orari di apertura, prezzi: trovate qui tutte le informazioni pratiche per la vostra visita al Castello di Montsoreau - Museo di arte contempornea","robots":{"index":"index","follow":"follow","max-snippet":"max-snippet:-1","max-image-preview":"max-image-preview:large","max-video-preview":"max-video-preview:-1"},"canonical":"https:\/\/www.chateau-montsoreau.com\/wordpress\/it\/informazioni-pratiche\/","og_locale":"fr_FR","og_type":"article","og_title":"Informazioni pratiche | Ch\u00e2teau de Montsoreau-Mus\u00e9e d&#039;Art Contemporain","og_description":"Orari di apertura, prezzi: trovate qui tutte le informazioni pratiche per la vostra visita al Castello di Montsoreau - Museo di arte contempornea","og_url":"https:\/\/www.chateau-montsoreau.com\/wordpress\/it\/informazioni-pratiche\/","og_site_name":"Ch\u00e2teau de Montsoreau-Mus\u00e9e d&#039;Art Contemporain","article_publisher":"https:\/\/www.facebook.com\/chateaudemontsoreau\/","article_modified_time":"2020-01-27T15:44:38+00:00","og_image":[{"url":"http:\/\/www.chateau-montsoreau.com\/wordpress\/wp-content\/uploads\/2018\/10\/Telerama-Pass-art-contemporain-Ch\u00e2teau-de-Montsoreau-Mus\u00e9e-dart-contemporain-Val-de-Loire.gif","type":"","width":"","height":""}],"twitter_card":"summary_large_image","twitter_site":"@Cmontsoreau","twitter_misc":{"Dur\u00e9e de lecture estim\u00e9e":"2 minutes"},"schema":{"@context":"https:\/\/schema.org","@graph":[{"@type":"WebPage","@id":"https:\/\/www.chateau-montsoreau.com\/wordpress\/it\/informazioni-pratiche\/","url":"https:\/\/www.chateau-montsoreau.com\/wordpress\/it\/informazioni-pratiche\/","name":"Informazioni pratiche | Ch\u00e2teau de Montsoreau-Mus\u00e9e d&#039;Art Contemporain","isPartOf":{"@id":"https:\/\/www.chateau-montsoreau.com\/wordpress\/#website"},"primaryImageOfPage":{"@id":"https:\/\/www.chateau-montsoreau.com\/wordpress\/it\/informazioni-pratiche\/#primaryimage"},"image":{"@id":"https:\/\/www.chateau-montsoreau.com\/wordpress\/it\/informazioni-pratiche\/#primaryimage"},"thumbnailUrl":"http:\/\/www.chateau-montsoreau.com\/wordpress\/wp-content\/uploads\/2020\/01\/barre-pictos-pour-site-web-2.jpg","datePublished":"2019-09-06T09:25:14+00:00","dateModified":"2020-01-27T15:44:38+00:00","description":"Orari di apertura, prezzi: trovate qui tutte le informazioni pratiche per la vostra visita al Castello di Montsoreau - Museo di arte contempornea","breadcrumb":{"@id":"https:\/\/www.chateau-montsoreau.com\/wordpress\/it\/informazioni-pratiche\/#breadcrumb"},"inLanguage":"fr-FR","potentialAction":[{"@type":"ReadAction","target":["https:\/\/www.chateau-montsoreau.com\/wordpress\/it\/informazioni-pratiche\/"]}]},{"@type":"ImageObject","inLanguage":"fr-FR","@id":"https:\/\/www.chateau-montsoreau.com\/wordpress\/it\/informazioni-pratiche\/#primaryimage","url":"http:\/\/www.chateau-montsoreau.com\/wordpress\/wp-content\/uploads\/2020\/01\/barre-pictos-pour-site-web-2.jpg","contentUrl":"http:\/\/www.chateau-montsoreau.com\/wordpress\/wp-content\/uploads\/2020\/01\/barre-pictos-pour-site-web-2.jpg"},{"@type":"BreadcrumbList","@id":"https:\/\/www.chateau-montsoreau.com\/wordpress\/it\/informazioni-pratiche\/#breadcrumb","itemListElement":[{"@type":"ListItem","position":1,"name":"Accueil","item":"https:\/\/www.chateau-montsoreau.com\/wordpress\/fr\/"},{"@type":"ListItem","position":2,"name":"Informazioni pratiche"}]},{"@type":"WebSite","@id":"https:\/\/www.chateau-montsoreau.com\/wordpress\/#website","url":"https:\/\/www.chateau-montsoreau.com\/wordpress\/","name":"Ch\u00e2teau de Montsoreau-Mus\u00e9e d&#039;Art Contemporain","description":"Ch\u00e2teaux de la Loire Art Contemporain Art Conceptuel","publisher":{"@id":"https:\/\/www.chateau-montsoreau.com\/wordpress\/#organization"},"potentialAction":[{"@type":"SearchAction","target":{"@type":"EntryPoint","urlTemplate":"https:\/\/www.chateau-montsoreau.com\/wordpress\/?s={search_term_string}"},"query-input":{"@type":"PropertyValueSpecification","valueRequired":true,"valueName":"search_term_string"}}],"inLanguage":"fr-FR"},{"@type":"Organization","@id":"https:\/\/www.chateau-montsoreau.com\/wordpress\/#organization","name":"Ch\u00e2teau de Montsoreau - Mus\u00e9e d'art contemporain","url":"https:\/\/www.chateau-montsoreau.com\/wordpress\/","logo":{"@type":"ImageObject","inLanguage":"fr-FR","@id":"https:\/\/www.chateau-montsoreau.com\/wordpress\/#\/schema\/logo\/image\/","url":"https:\/\/www.chateau-montsoreau.com\/wordpress\/wp-content\/uploads\/2016\/03\/Logo-Montsoreau-tout-petit-1.png","contentUrl":"https:\/\/www.chateau-montsoreau.com\/wordpress\/wp-content\/uploads\/2016\/03\/Logo-Montsoreau-tout-petit-1.png","width":133,"height":133,"caption":"Ch\u00e2teau de Montsoreau - Mus\u00e9e d'art contemporain"},"image":{"@id":"https:\/\/www.chateau-montsoreau.com\/wordpress\/#\/schema\/logo\/image\/"},"sameAs":["https:\/\/www.facebook.com\/chateaudemontsoreau\/","https:\/\/x.com\/Cmontsoreau","https:\/\/www.instagram.com\/chateaudemontsoreau\/","http:\/\/www.pinterest.com\/Cmontsoreau"]}]}},"_links":{"self":[{"href":"https:\/\/www.chateau-montsoreau.com\/wordpress\/wp-json\/wp\/v2\/pages\/6692","targetHints":{"allow":["GET"]}}],"collection":[{"href":"https:\/\/www.chateau-montsoreau.com\/wordpress\/wp-json\/wp\/v2\/pages"}],"about":[{"href":"https:\/\/www.chateau-montsoreau.com\/wordpress\/wp-json\/wp\/v2\/types\/page"}],"author":[{"embeddable":true,"href":"https:\/\/www.chateau-montsoreau.com\/wordpress\/wp-json\/wp\/v2\/users\/5"}],"replies":[{"embeddable":true,"href":"https:\/\/www.chateau-montsoreau.com\/wordpress\/wp-json\/wp\/v2\/comments?post=6692"}],"version-history":[{"count":9,"href":"https:\/\/www.chateau-montsoreau.com\/wordpress\/wp-json\/wp\/v2\/pages\/6692\/revisions"}],"predecessor-version":[{"id":7904,"href":"https:\/\/www.chateau-montsoreau.com\/wordpress\/wp-json\/wp\/v2\/pages\/6692\/revisions\/7904"}],"wp:attachment":[{"href":"https:\/\/www.chateau-montsoreau.com\/wordpress\/wp-json\/wp\/v2\/media?parent=6692"}],"curies":[{"name":"wp","href":"https:\/\/api.w.org\/{rel}","templated":true}]}}