{"id":6694,"date":"2019-09-06T10:37:43","date_gmt":"2019-09-06T09:37:43","guid":{"rendered":"http:\/\/www.chateau-montsoreau.com\/wordpress\/?page_id=6694"},"modified":"2019-12-29T16:53:13","modified_gmt":"2019-12-29T15:53:13","slug":"visite-guidate-attivita","status":"publish","type":"page","link":"https:\/\/www.chateau-montsoreau.com\/wordpress\/it\/visite-guidate-attivita\/","title":{"rendered":"Visite guidate \/ attivit\u00e0"},"content":{"rendered":"<p><strong>VISITE GUIDATE<\/strong><\/p>\n<p>Visite guidate in francese su richiesta per individuali: massimo 20 persone.<br \/>\nVisite guidate su prenotazione per gruppi: groupes.chateaudemontsoreau@gmail.com<\/p>\n<p><strong>WORKSHOP PEDAGOGICO<br \/>\nGRAFFITI: DA LASCAUX A BANKY<\/strong><\/p>\n<p>Durante il workshop si scopre la storia dei graffiti dall&rsquo;antichit\u00e0 ai giorni nostri, i suoi codici, le regole e gli attori storici (Bansky, Keith Haring&#8230;.).\u00a0 I graffiti all&rsquo;interno del castello sono il punto di partenza per creare un&rsquo;opera personale su un muro di espressione da condividere con la famiglia.<\/p>\n<p>Et\u00e0: dai 7 anni in su<br \/>\nDurata: 1 ora<br \/>\nQuando: ogni mercoled\u00ec e sabato alle 15:00.<br \/>\nPrezzo: 8\u20ac<br \/>\nPrenotazioni: 02 41 467 12 60 \/ contact@chateau-montsoreau.com<\/p>\n<p>&nbsp;<\/p>\n<p style=\"text-align: left;\">[\/ut_one_half]\n<p style=\"text-align: left;\"><div  class=\"ut-one-half ut-column-last  \">\n<p><img loading=\"lazy\" decoding=\"async\" class=\"alignnone size-full wp-image-6293\" src=\"http:\/\/www.chateau-montsoreau.com\/wordpress\/wp-content\/uploads\/2019\/02\/atelier-graffiti-chateau-de-montsoreau-musee-dart-contemporain-val-de-loire.jpg\" alt=\"\" width=\"2419\" height=\"1616\" srcset=\"https:\/\/www.chateau-montsoreau.com\/wordpress\/wp-content\/uploads\/2019\/02\/atelier-graffiti-chateau-de-montsoreau-musee-dart-contemporain-val-de-loire.jpg 2419w, https:\/\/www.chateau-montsoreau.com\/wordpress\/wp-content\/uploads\/2019\/02\/atelier-graffiti-chateau-de-montsoreau-musee-dart-contemporain-val-de-loire-600x401.jpg 600w, https:\/\/www.chateau-montsoreau.com\/wordpress\/wp-content\/uploads\/2019\/02\/atelier-graffiti-chateau-de-montsoreau-musee-dart-contemporain-val-de-loire-300x200.jpg 300w, https:\/\/www.chateau-montsoreau.com\/wordpress\/wp-content\/uploads\/2019\/02\/atelier-graffiti-chateau-de-montsoreau-musee-dart-contemporain-val-de-loire-768x513.jpg 768w, https:\/\/www.chateau-montsoreau.com\/wordpress\/wp-content\/uploads\/2019\/02\/atelier-graffiti-chateau-de-montsoreau-musee-dart-contemporain-val-de-loire-1024x684.jpg 1024w\" sizes=\"auto, (max-width: 2419px) 100vw, 2419px\" \/><\/p>\n<h4 style=\"text-align: justify;\"><\/div><div class=\"clear\"><\/div><\/h4>\n<p>&nbsp;<\/p>\n<div  class=\"ut-one-half  \">\n<p><strong>MONTSOREAU ARTE TOUR<\/strong><\/p>\n<p>Con una guida, scoprite il Montsoreau degli artisti e camminate sulle orme di Flaubert, Turner, Rodin, Spielberg, Rabelais, Alexandre Dumas&#8230;..<br \/>\nLungo il percorso scoprirete come, dal Rinascimento ai giorni nostri, Montsoreau \u00e8 diventato il luogo preferito dagli artisti e fonte di ispirazione nel campo del cinema, della musica, della letteratura o della pittura.<\/p>\n<p>Le tappe del percorso:<\/p>\n<ul>\n<li>Turner: la Loira, il fiume luce<\/li>\n<li>Flaubert: il Grand Tour nella Valle della Loira<\/li>\n<li>Incontri ravvicinati del terzo tipo<\/li>\n<li>Andr\u00e9 Obey \/ Henri Dutilleux: tra Corte e Giardino<\/li>\n<li>Alexandre Dumas: la Signora di Monsoreau<\/li>\n<li>Art &amp; Language: visita libera del Castello di Montsoreau-Museo di arte contemporanea<\/li>\n<li>Sulle orme di Auguste Rodin: la passione per l&rsquo;architettura<\/li>\n<li>L&rsquo;infanzia di RabelaisDurata: 1h30 ore (a piedi).Quando: Tutte le domeniche dal 8 marzo al 6 settembre 2020<br \/>\nOrario:\u00a0 dalle 10h alle 13h00<br \/>\nPrezzo: 18\u20ac \/ persona<br \/>\nMassimo 15 persone<br \/>\nPrenotazioni: 02 41 67 12 60 \/ contact@chateau-montsoreau.com<\/li>\n<\/ul>\n<p style=\"text-align: left;\"><\/div>\n<p style=\"text-align: left;\"><div  class=\"ut-one-half ut-column-last  \">\n<p><img loading=\"lazy\" decoding=\"async\" class=\"alignnone size-full wp-image-6295\" src=\"http:\/\/www.chateau-montsoreau.com\/wordpress\/wp-content\/uploads\/2019\/02\/Montsoreau-Art-Tour-chateau-de-montsoreau-musee-dart-contemporain-val-de-loire.jpg\" alt=\"\" width=\"1280\" height=\"720\" srcset=\"https:\/\/www.chateau-montsoreau.com\/wordpress\/wp-content\/uploads\/2019\/02\/Montsoreau-Art-Tour-chateau-de-montsoreau-musee-dart-contemporain-val-de-loire.jpg 1280w, https:\/\/www.chateau-montsoreau.com\/wordpress\/wp-content\/uploads\/2019\/02\/Montsoreau-Art-Tour-chateau-de-montsoreau-musee-dart-contemporain-val-de-loire-600x338.jpg 600w, https:\/\/www.chateau-montsoreau.com\/wordpress\/wp-content\/uploads\/2019\/02\/Montsoreau-Art-Tour-chateau-de-montsoreau-musee-dart-contemporain-val-de-loire-300x169.jpg 300w, https:\/\/www.chateau-montsoreau.com\/wordpress\/wp-content\/uploads\/2019\/02\/Montsoreau-Art-Tour-chateau-de-montsoreau-musee-dart-contemporain-val-de-loire-768x432.jpg 768w, https:\/\/www.chateau-montsoreau.com\/wordpress\/wp-content\/uploads\/2019\/02\/Montsoreau-Art-Tour-chateau-de-montsoreau-musee-dart-contemporain-val-de-loire-1024x576.jpg 1024w\" sizes=\"auto, (max-width: 1280px) 100vw, 1280px\" \/><\/p>\n<h4 style=\"text-align: justify;\"><\/div><div class=\"clear\"><\/div><\/h4>\n<p>&nbsp;<\/p>\n<div  class=\"ut-one-half  \">\n<p><strong>DEGUSTAZIONE DI VINI NATURALI AL TRAMONTO<\/strong><\/p>\n<p>Al vostro arrivo, lo chef\u00a0 vi accoglie sulla terrazza sul tetto del ristorante JEAN 2, situato nelle cucine storiche del Castello di Montsoreau. Vi raconter\u00e0 la storia del villaggio di Montsoreau, uno dei villaggi pi\u00f9 belli di Francia, situato nella Valle della Loira, classificato come patrimonio mondiale dell&rsquo;umanit\u00e0 dall&rsquo;UNESCO. Potrete cos\u00ec scoprire da questo eccezionale edificio, l&rsquo;unico castello della Loira costruito direttamente sul letto del fiume e il primo castello della Loira del Rinascimento.<br \/>\nIn un&rsquo;atmosfera rilassata potrete assaggiare una selezione di vini naturali e degustare i prodotti locali fatti in casa. Saranno offerti in degustazione sei diversi vini. Lo chef indicher\u00e0 l&rsquo;origine di ogni vino e vi dar\u00e0 informazioni sui viticoltori. Per tutta la sera, portrete godere della vista mozzafiato sulla Loira, il villaggio e il Castello di Montsoreau.<\/p>\n<p>Durata: 2 ore<br \/>\nQuando: venerd\u00ec e sabato dal 1 maggio al 26 settembre 2020.<br \/>\nOrario: 8pm-22pm<br \/>\nPrezzo: 35\u20ac \/ persona<br \/>\nMassimo 15 persone<br \/>\nPrenotazioni: +33 (0)6 35 42 70 36 \/ contact@chateau-montsoreau.com<\/p>\n<p style=\"text-align: left;\"><\/div>\n<p style=\"text-align: left;\"><div  class=\"ut-one-half ut-column-last  \">\n<p><img loading=\"lazy\" decoding=\"async\" class=\"aligncenter wp-image-6297 size-full\" src=\"http:\/\/www.chateau-montsoreau.com\/wordpress\/wp-content\/uploads\/2019\/02\/d\u00e9gustation-de-vins-naturels-au-coucher-du-soleil-chateau-de-montsoreau-musee-dart-contemporain-val-de-loire.jpg\" alt=\"\" width=\"550\" height=\"364\" srcset=\"https:\/\/www.chateau-montsoreau.com\/wordpress\/wp-content\/uploads\/2019\/02\/d\u00e9gustation-de-vins-naturels-au-coucher-du-soleil-chateau-de-montsoreau-musee-dart-contemporain-val-de-loire.jpg 550w, https:\/\/www.chateau-montsoreau.com\/wordpress\/wp-content\/uploads\/2019\/02\/d\u00e9gustation-de-vins-naturels-au-coucher-du-soleil-chateau-de-montsoreau-musee-dart-contemporain-val-de-loire-300x199.jpg 300w\" sizes=\"auto, (max-width: 550px) 100vw, 550px\" \/><\/p>\n<h4 style=\"text-align: justify;\"><\/div><div class=\"clear\"><\/div><\/h4>\n<h4 style=\"text-align: justify;\"><\/h4>\n","protected":false},"excerpt":{"rendered":"<p>VISITE GUIDATE Visite guidate in francese su richiesta per individuali: massimo 20 persone. Visite guidate su prenotazione per gruppi: groupes.chateaudemontsoreau@gmail.com WORKSHOP PEDAGOGICO GRAFFITI: DA LASCAUX A BANKY Durante il workshop si scopre la storia dei graffiti dall&rsquo;antichit\u00e0 ai giorni nostri, i suoi codici, le regole e gli attori storici (Bansky, Keith Haring&#8230;.).\u00a0 I graffiti all&rsquo;interno [&hellip;]<\/p>\n","protected":false},"author":5,"featured_media":0,"parent":0,"menu_order":0,"comment_status":"closed","ping_status":"closed","template":"","meta":{"footnotes":""},"class_list":["post-6694","page","type-page","status-publish","hentry"],"yoast_head":"<!-- This site is optimized with the Yoast SEO plugin v27.4 - https:\/\/yoast.com\/product\/yoast-seo-wordpress\/ -->\n<title>Visite guidate \/ attivit\u00e0 | Ch\u00e2teau de Montsoreau-Mus\u00e9e d&#039;Art Contemporain<\/title>\n<meta name=\"robots\" content=\"index, follow, max-snippet:-1, max-image-preview:large, max-video-preview:-1\" \/>\n<link rel=\"canonical\" href=\"https:\/\/www.chateau-montsoreau.com\/wordpress\/it\/visite-guidate-attivita\/\" \/>\n<meta property=\"og:locale\" content=\"fr_FR\" \/>\n<meta property=\"og:type\" content=\"article\" \/>\n<meta property=\"og:title\" content=\"Visite guidate \/ attivit\u00e0 | Ch\u00e2teau de Montsoreau-Mus\u00e9e d&#039;Art Contemporain\" \/>\n<meta property=\"og:description\" content=\"VISITE GUIDATE Visite guidate in francese su richiesta per individuali: massimo 20 persone. Visite guidate su prenotazione per gruppi: groupes.chateaudemontsoreau@gmail.com WORKSHOP PEDAGOGICO GRAFFITI: DA LASCAUX A BANKY Durante il workshop si scopre la storia dei graffiti dall&rsquo;antichit\u00e0 ai giorni nostri, i suoi codici, le regole e gli attori storici (Bansky, Keith Haring&#8230;.).\u00a0 I graffiti all&rsquo;interno [&hellip;]\" \/>\n<meta property=\"og:url\" content=\"https:\/\/www.chateau-montsoreau.com\/wordpress\/it\/visite-guidate-attivita\/\" \/>\n<meta property=\"og:site_name\" content=\"Ch\u00e2teau de Montsoreau-Mus\u00e9e d&#039;Art Contemporain\" \/>\n<meta property=\"article:publisher\" content=\"https:\/\/www.facebook.com\/chateaudemontsoreau\/\" \/>\n<meta property=\"article:modified_time\" content=\"2019-12-29T15:53:13+00:00\" \/>\n<meta property=\"og:image\" content=\"http:\/\/www.chateau-montsoreau.com\/wordpress\/wp-content\/uploads\/2019\/02\/atelier-graffiti-chateau-de-montsoreau-musee-dart-contemporain-val-de-loire.jpg\" \/>\n<meta name=\"twitter:card\" content=\"summary_large_image\" \/>\n<meta name=\"twitter:site\" content=\"@Cmontsoreau\" \/>\n<meta name=\"twitter:label1\" content=\"Dur\u00e9e de lecture estim\u00e9e\" \/>\n\t<meta name=\"twitter:data1\" content=\"2 minutes\" \/>\n<script type=\"application\/ld+json\" class=\"yoast-schema-graph\">{\"@context\":\"https:\\\/\\\/schema.org\",\"@graph\":[{\"@type\":\"WebPage\",\"@id\":\"https:\\\/\\\/www.chateau-montsoreau.com\\\/wordpress\\\/it\\\/visite-guidate-attivita\\\/\",\"url\":\"https:\\\/\\\/www.chateau-montsoreau.com\\\/wordpress\\\/it\\\/visite-guidate-attivita\\\/\",\"name\":\"Visite guidate \\\/ attivit\u00e0 | Ch\u00e2teau de Montsoreau-Mus\u00e9e d&#039;Art Contemporain\",\"isPartOf\":{\"@id\":\"https:\\\/\\\/www.chateau-montsoreau.com\\\/wordpress\\\/#website\"},\"primaryImageOfPage\":{\"@id\":\"https:\\\/\\\/www.chateau-montsoreau.com\\\/wordpress\\\/it\\\/visite-guidate-attivita\\\/#primaryimage\"},\"image\":{\"@id\":\"https:\\\/\\\/www.chateau-montsoreau.com\\\/wordpress\\\/it\\\/visite-guidate-attivita\\\/#primaryimage\"},\"thumbnailUrl\":\"http:\\\/\\\/www.chateau-montsoreau.com\\\/wordpress\\\/wp-content\\\/uploads\\\/2019\\\/02\\\/atelier-graffiti-chateau-de-montsoreau-musee-dart-contemporain-val-de-loire.jpg\",\"datePublished\":\"2019-09-06T09:37:43+00:00\",\"dateModified\":\"2019-12-29T15:53:13+00:00\",\"breadcrumb\":{\"@id\":\"https:\\\/\\\/www.chateau-montsoreau.com\\\/wordpress\\\/it\\\/visite-guidate-attivita\\\/#breadcrumb\"},\"inLanguage\":\"fr-FR\",\"potentialAction\":[{\"@type\":\"ReadAction\",\"target\":[\"https:\\\/\\\/www.chateau-montsoreau.com\\\/wordpress\\\/it\\\/visite-guidate-attivita\\\/\"]}]},{\"@type\":\"ImageObject\",\"inLanguage\":\"fr-FR\",\"@id\":\"https:\\\/\\\/www.chateau-montsoreau.com\\\/wordpress\\\/it\\\/visite-guidate-attivita\\\/#primaryimage\",\"url\":\"http:\\\/\\\/www.chateau-montsoreau.com\\\/wordpress\\\/wp-content\\\/uploads\\\/2019\\\/02\\\/atelier-graffiti-chateau-de-montsoreau-musee-dart-contemporain-val-de-loire.jpg\",\"contentUrl\":\"http:\\\/\\\/www.chateau-montsoreau.com\\\/wordpress\\\/wp-content\\\/uploads\\\/2019\\\/02\\\/atelier-graffiti-chateau-de-montsoreau-musee-dart-contemporain-val-de-loire.jpg\"},{\"@type\":\"BreadcrumbList\",\"@id\":\"https:\\\/\\\/www.chateau-montsoreau.com\\\/wordpress\\\/it\\\/visite-guidate-attivita\\\/#breadcrumb\",\"itemListElement\":[{\"@type\":\"ListItem\",\"position\":1,\"name\":\"Accueil\",\"item\":\"https:\\\/\\\/www.chateau-montsoreau.com\\\/wordpress\\\/fr\\\/\"},{\"@type\":\"ListItem\",\"position\":2,\"name\":\"Visite guidate \\\/ attivit\u00e0\"}]},{\"@type\":\"WebSite\",\"@id\":\"https:\\\/\\\/www.chateau-montsoreau.com\\\/wordpress\\\/#website\",\"url\":\"https:\\\/\\\/www.chateau-montsoreau.com\\\/wordpress\\\/\",\"name\":\"Ch\u00e2teau de Montsoreau-Mus\u00e9e d&#039;Art Contemporain\",\"description\":\"Ch\u00e2teaux de la Loire Art Contemporain Art Conceptuel\",\"publisher\":{\"@id\":\"https:\\\/\\\/www.chateau-montsoreau.com\\\/wordpress\\\/#organization\"},\"potentialAction\":[{\"@type\":\"SearchAction\",\"target\":{\"@type\":\"EntryPoint\",\"urlTemplate\":\"https:\\\/\\\/www.chateau-montsoreau.com\\\/wordpress\\\/?s={search_term_string}\"},\"query-input\":{\"@type\":\"PropertyValueSpecification\",\"valueRequired\":true,\"valueName\":\"search_term_string\"}}],\"inLanguage\":\"fr-FR\"},{\"@type\":\"Organization\",\"@id\":\"https:\\\/\\\/www.chateau-montsoreau.com\\\/wordpress\\\/#organization\",\"name\":\"Ch\u00e2teau de Montsoreau - Mus\u00e9e d'art contemporain\",\"url\":\"https:\\\/\\\/www.chateau-montsoreau.com\\\/wordpress\\\/\",\"logo\":{\"@type\":\"ImageObject\",\"inLanguage\":\"fr-FR\",\"@id\":\"https:\\\/\\\/www.chateau-montsoreau.com\\\/wordpress\\\/#\\\/schema\\\/logo\\\/image\\\/\",\"url\":\"https:\\\/\\\/www.chateau-montsoreau.com\\\/wordpress\\\/wp-content\\\/uploads\\\/2016\\\/03\\\/Logo-Montsoreau-tout-petit-1.png\",\"contentUrl\":\"https:\\\/\\\/www.chateau-montsoreau.com\\\/wordpress\\\/wp-content\\\/uploads\\\/2016\\\/03\\\/Logo-Montsoreau-tout-petit-1.png\",\"width\":133,\"height\":133,\"caption\":\"Ch\u00e2teau de Montsoreau - Mus\u00e9e d'art contemporain\"},\"image\":{\"@id\":\"https:\\\/\\\/www.chateau-montsoreau.com\\\/wordpress\\\/#\\\/schema\\\/logo\\\/image\\\/\"},\"sameAs\":[\"https:\\\/\\\/www.facebook.com\\\/chateaudemontsoreau\\\/\",\"https:\\\/\\\/x.com\\\/Cmontsoreau\",\"https:\\\/\\\/www.instagram.com\\\/chateaudemontsoreau\\\/\",\"http:\\\/\\\/www.pinterest.com\\\/Cmontsoreau\"]}]}<\/script>\n<!-- \/ Yoast SEO plugin. -->","yoast_head_json":{"title":"Visite guidate \/ attivit\u00e0 | Ch\u00e2teau de Montsoreau-Mus\u00e9e d&#039;Art Contemporain","robots":{"index":"index","follow":"follow","max-snippet":"max-snippet:-1","max-image-preview":"max-image-preview:large","max-video-preview":"max-video-preview:-1"},"canonical":"https:\/\/www.chateau-montsoreau.com\/wordpress\/it\/visite-guidate-attivita\/","og_locale":"fr_FR","og_type":"article","og_title":"Visite guidate \/ attivit\u00e0 | Ch\u00e2teau de Montsoreau-Mus\u00e9e d&#039;Art Contemporain","og_description":"VISITE GUIDATE Visite guidate in francese su richiesta per individuali: massimo 20 persone. Visite guidate su prenotazione per gruppi: groupes.chateaudemontsoreau@gmail.com WORKSHOP PEDAGOGICO GRAFFITI: DA LASCAUX A BANKY Durante il workshop si scopre la storia dei graffiti dall&rsquo;antichit\u00e0 ai giorni nostri, i suoi codici, le regole e gli attori storici (Bansky, Keith Haring&#8230;.).\u00a0 I graffiti all&rsquo;interno [&hellip;]","og_url":"https:\/\/www.chateau-montsoreau.com\/wordpress\/it\/visite-guidate-attivita\/","og_site_name":"Ch\u00e2teau de Montsoreau-Mus\u00e9e d&#039;Art Contemporain","article_publisher":"https:\/\/www.facebook.com\/chateaudemontsoreau\/","article_modified_time":"2019-12-29T15:53:13+00:00","og_image":[{"url":"http:\/\/www.chateau-montsoreau.com\/wordpress\/wp-content\/uploads\/2019\/02\/atelier-graffiti-chateau-de-montsoreau-musee-dart-contemporain-val-de-loire.jpg","type":"","width":"","height":""}],"twitter_card":"summary_large_image","twitter_site":"@Cmontsoreau","twitter_misc":{"Dur\u00e9e de lecture estim\u00e9e":"2 minutes"},"schema":{"@context":"https:\/\/schema.org","@graph":[{"@type":"WebPage","@id":"https:\/\/www.chateau-montsoreau.com\/wordpress\/it\/visite-guidate-attivita\/","url":"https:\/\/www.chateau-montsoreau.com\/wordpress\/it\/visite-guidate-attivita\/","name":"Visite guidate \/ attivit\u00e0 | Ch\u00e2teau de Montsoreau-Mus\u00e9e d&#039;Art Contemporain","isPartOf":{"@id":"https:\/\/www.chateau-montsoreau.com\/wordpress\/#website"},"primaryImageOfPage":{"@id":"https:\/\/www.chateau-montsoreau.com\/wordpress\/it\/visite-guidate-attivita\/#primaryimage"},"image":{"@id":"https:\/\/www.chateau-montsoreau.com\/wordpress\/it\/visite-guidate-attivita\/#primaryimage"},"thumbnailUrl":"http:\/\/www.chateau-montsoreau.com\/wordpress\/wp-content\/uploads\/2019\/02\/atelier-graffiti-chateau-de-montsoreau-musee-dart-contemporain-val-de-loire.jpg","datePublished":"2019-09-06T09:37:43+00:00","dateModified":"2019-12-29T15:53:13+00:00","breadcrumb":{"@id":"https:\/\/www.chateau-montsoreau.com\/wordpress\/it\/visite-guidate-attivita\/#breadcrumb"},"inLanguage":"fr-FR","potentialAction":[{"@type":"ReadAction","target":["https:\/\/www.chateau-montsoreau.com\/wordpress\/it\/visite-guidate-attivita\/"]}]},{"@type":"ImageObject","inLanguage":"fr-FR","@id":"https:\/\/www.chateau-montsoreau.com\/wordpress\/it\/visite-guidate-attivita\/#primaryimage","url":"http:\/\/www.chateau-montsoreau.com\/wordpress\/wp-content\/uploads\/2019\/02\/atelier-graffiti-chateau-de-montsoreau-musee-dart-contemporain-val-de-loire.jpg","contentUrl":"http:\/\/www.chateau-montsoreau.com\/wordpress\/wp-content\/uploads\/2019\/02\/atelier-graffiti-chateau-de-montsoreau-musee-dart-contemporain-val-de-loire.jpg"},{"@type":"BreadcrumbList","@id":"https:\/\/www.chateau-montsoreau.com\/wordpress\/it\/visite-guidate-attivita\/#breadcrumb","itemListElement":[{"@type":"ListItem","position":1,"name":"Accueil","item":"https:\/\/www.chateau-montsoreau.com\/wordpress\/fr\/"},{"@type":"ListItem","position":2,"name":"Visite guidate \/ attivit\u00e0"}]},{"@type":"WebSite","@id":"https:\/\/www.chateau-montsoreau.com\/wordpress\/#website","url":"https:\/\/www.chateau-montsoreau.com\/wordpress\/","name":"Ch\u00e2teau de Montsoreau-Mus\u00e9e d&#039;Art Contemporain","description":"Ch\u00e2teaux de la Loire Art Contemporain Art Conceptuel","publisher":{"@id":"https:\/\/www.chateau-montsoreau.com\/wordpress\/#organization"},"potentialAction":[{"@type":"SearchAction","target":{"@type":"EntryPoint","urlTemplate":"https:\/\/www.chateau-montsoreau.com\/wordpress\/?s={search_term_string}"},"query-input":{"@type":"PropertyValueSpecification","valueRequired":true,"valueName":"search_term_string"}}],"inLanguage":"fr-FR"},{"@type":"Organization","@id":"https:\/\/www.chateau-montsoreau.com\/wordpress\/#organization","name":"Ch\u00e2teau de Montsoreau - Mus\u00e9e d'art contemporain","url":"https:\/\/www.chateau-montsoreau.com\/wordpress\/","logo":{"@type":"ImageObject","inLanguage":"fr-FR","@id":"https:\/\/www.chateau-montsoreau.com\/wordpress\/#\/schema\/logo\/image\/","url":"https:\/\/www.chateau-montsoreau.com\/wordpress\/wp-content\/uploads\/2016\/03\/Logo-Montsoreau-tout-petit-1.png","contentUrl":"https:\/\/www.chateau-montsoreau.com\/wordpress\/wp-content\/uploads\/2016\/03\/Logo-Montsoreau-tout-petit-1.png","width":133,"height":133,"caption":"Ch\u00e2teau de Montsoreau - Mus\u00e9e d'art contemporain"},"image":{"@id":"https:\/\/www.chateau-montsoreau.com\/wordpress\/#\/schema\/logo\/image\/"},"sameAs":["https:\/\/www.facebook.com\/chateaudemontsoreau\/","https:\/\/x.com\/Cmontsoreau","https:\/\/www.instagram.com\/chateaudemontsoreau\/","http:\/\/www.pinterest.com\/Cmontsoreau"]}]}},"_links":{"self":[{"href":"https:\/\/www.chateau-montsoreau.com\/wordpress\/wp-json\/wp\/v2\/pages\/6694","targetHints":{"allow":["GET"]}}],"collection":[{"href":"https:\/\/www.chateau-montsoreau.com\/wordpress\/wp-json\/wp\/v2\/pages"}],"about":[{"href":"https:\/\/www.chateau-montsoreau.com\/wordpress\/wp-json\/wp\/v2\/types\/page"}],"author":[{"embeddable":true,"href":"https:\/\/www.chateau-montsoreau.com\/wordpress\/wp-json\/wp\/v2\/users\/5"}],"replies":[{"embeddable":true,"href":"https:\/\/www.chateau-montsoreau.com\/wordpress\/wp-json\/wp\/v2\/comments?post=6694"}],"version-history":[{"count":7,"href":"https:\/\/www.chateau-montsoreau.com\/wordpress\/wp-json\/wp\/v2\/pages\/6694\/revisions"}],"predecessor-version":[{"id":7631,"href":"https:\/\/www.chateau-montsoreau.com\/wordpress\/wp-json\/wp\/v2\/pages\/6694\/revisions\/7631"}],"wp:attachment":[{"href":"https:\/\/www.chateau-montsoreau.com\/wordpress\/wp-json\/wp\/v2\/media?parent=6694"}],"curies":[{"name":"wp","href":"https:\/\/api.w.org\/{rel}","templated":true}]}}