{"id":7061,"date":"2019-09-15T15:39:04","date_gmt":"2019-09-15T14:39:04","guid":{"rendered":"http:\/\/www.chateau-montsoreau.com\/wordpress\/?page_id=7061"},"modified":"2020-01-27T16:51:16","modified_gmt":"2020-01-27T15:51:16","slug":"%e5%ae%9e%e7%94%a8%e4%bf%a1%e6%81%af","status":"publish","type":"page","link":"https:\/\/www.chateau-montsoreau.com\/wordpress\/zh\/%e5%ae%9e%e7%94%a8%e4%bf%a1%e6%81%af\/","title":{"rendered":"\u5b9e\u7528\u4fe1\u606f"},"content":{"rendered":"<p>\u8499\u7d22\u7f57\u57ce\u5821-\u5f53\u4ee3\u827a\u672f\u535a\u7269\u9986 (Ch\u00e2teau de Montsoreau &#8211; Mus\u00e9e d&rsquo;art contemporain)<\/p>\n<p>\u5730\u5740\uff1aPassage du marquis de geoffre<\/p>\n<p>49730 Montsoreau, vall\u00e9e de la Loire.<\/p>\n<p>\u5168\u5e74\u5f00\u653e<\/p>\n<h6 class=\"ut-title-divider \" ><span><\/p>\n<h2>\u7968\u4ef7<\/h2>\n<p><\/span><\/h6>\n<p><div class=\"ut-pt-wrap ut-pt-wrap-style-1\"><div class=\"grid-33 tablet-grid-33 mobile-grid-100\"><div class=\"ut-pricing-table\"><header class=\"ut-pt-header ut-level-one\"><h2 class=\"ut-pt-title\">\u5b66\u751f\u7968<\/h2><\/header><footer class=\"ut-pt-pricing\"><span class=\"ut-pt-price\"><sup>\u20ac<\/sup>8,70<\/span><\/footer><\/div><\/div><div class=\"grid-33 tablet-grid-33 mobile-grid-100\"><div class=\"ut-pricing-table\"><header class=\"ut-pt-header ut-level-one\"><h2 class=\"ut-pt-title\">\u6c42\u804c\u8005<\/h2><\/header><footer class=\"ut-pt-pricing\"><span class=\"ut-pt-price\"><sup>\u20ac<\/sup>8,90<\/span><\/footer><\/div><\/div><div class=\"grid-33 tablet-grid-33 mobile-grid-100\"><div class=\"ut-pricing-table\"><header class=\"ut-pt-header ut-level-one\"><h2 class=\"ut-pt-title\">\u5bb6\u5ead\u5957\u7968 <\/h2><span class=\"ut-pt-title-slogan\">\uff082\u6210\u4eba+2\u513f\u7ae5\uff09<\/span><\/header><footer class=\"ut-pt-pricing\"><span class=\"ut-pt-price\"><sup>\u20ac<\/sup>27.80<\/span><\/footer><\/div><\/div><div class=\"clear\"><\/div><\/div><br \/>\n<div class=\"ut-pt-wrap ut-pt-wrap-style-1\"><div class=\"grid-33 tablet-grid-33 mobile-grid-100\"><div class=\"ut-pricing-table\"><header class=\"ut-pt-header ut-level-one\"><h2 class=\"ut-pt-title\">\u6210\u4eba\u5168\u7968<\/h2><span class=\"ut-pt-title-slogan\">\uff0818\u5c81\u4ee5\u4e0a\uff09 <\/span><\/header><footer class=\"ut-pt-pricing\"><span class=\"ut-pt-price\"><sup>\u20ac<\/sup>10,70<\/span><\/footer><\/div><\/div><div class=\"grid-33 tablet-grid-33 mobile-grid-100\"><div class=\"ut-pricing-table\"><header class=\"ut-pt-header ut-level-one\"><h2 class=\"ut-pt-title\">\u513f\u7ae5\u7968<\/h2><span class=\"ut-pt-title-slogan\">\uff085-18\u5c81\uff09 <\/span><\/header><footer class=\"ut-pt-pricing\"><span class=\"ut-pt-price\"><sup>\u20ac<\/sup>6,70<\/span><\/footer><\/div><\/div><div class=\"grid-33 tablet-grid-33 mobile-grid-100\"><div class=\"ut-pricing-table\"><header class=\"ut-pt-header ut-level-one\"><h2 class=\"ut-pt-title\">\u514d\u8d39<\/h2><span class=\"ut-pt-title-slogan\">\u6b8b\u969c\u4eba\u58eb\u53ca\u5176\u966a\u4f34\u8005\u3001\u4e94\u5c81\u4ee5\u4e0b\u513f\u7ae5\u3001\u8bb0\u8005\u3002<\/span><\/header><\/div><\/div><div class=\"clear\"><\/div><\/div><\/p>\n<p><a href=\"https:\/\/sorties.telerama.fr\/pass-art-contemporain\"><img loading=\"lazy\" decoding=\"async\" class=\"alignnone size-full wp-image-6154\" src=\"http:\/\/www.chateau-montsoreau.com\/wordpress\/wp-content\/uploads\/2018\/10\/Telerama-Pass-art-contemporain-Ch\u00e2teau-de-Montsoreau-Mus\u00e9e-dart-contemporain-Val-de-Loire.gif\" alt=\"\" width=\"1000\" height=\"90\" \/><\/a><\/p>\n<h6 class=\"ut-title-divider \" ><span><\/p>\n<h2>\u5f00\u653e\u65f6\u95f4<\/h2>\n<p><\/span><\/h6>\n<div  class=\"ut-alert grey  \">\n<p style=\"text-align: center;\">2020\u5e74\u5e74\u5ea6\u95ed\u9986\u65e5\uff1a1\u670813\u65e5-1\u670831\u65e5<\/p>\n<p style=\"text-align: center;\">\u4e00\u6708\/\u4e8c\u6708\/\u4e09\u6708\/\u5341\u6708\/\u5341\u4e00\u6708\/\u5341\u4e8c\u6708<br \/>\n12 a. m-6 p. m<\/p>\n<p style=\"text-align: center;\">\u56db\u6708<br \/>\n12 a. m-7 p. m<\/p>\n<p style=\"text-align: center;\">\u4e94\u6708\/\u516d\u6708\/\u4e03\u6708\/\u516b\u6708\/\u4e5d\u6708<br \/>\n10 a. m-7 p. m<\/p>\n<p style=\"text-align: center;\">\u95ed\u9986\u65e5\uff1a1\u67081\u65e5\/12\u670824\u65e5\/12\u670825\u65e5<\/p>\n<\/div>\n<h6 class=\"ut-title-divider \" ><span>\n<h2>\u5230\u8fbe<\/h2>\n<p><\/span><\/h6><br \/>\n<div  class=\"ut-two-thirds  \">\n<\/div>\n<div  class=\"ut-one-third ut-column-last  \">\n<div  class=\"ut-alert grey  \">\n<h3 style=\"text-align: center;\">\u516c\u8def<\/h3>\n<p style=\"text-align: center;\">A85\u9ad8\u901f\u516c\u8def5\u53f7\u51fa\u53e3Bourgueil (suivre Saumur)\uff0c\u8f6c\u5165D960\u516c\u8def<\/p>\n<p style=\"text-align: center;\">\u57ce\u5821\u65c1\u514d\u8d39\u505c\u8f66\u3002<\/p>\n<h3 style=\"text-align: center;\">\u94c1\u8def<\/h3>\n<p style=\"text-align: center;\">\u8ddd\u79bbPort Boulet\u7ad9\uff1a11\u516c\u91cc\uff1b<\/p>\n<p style=\"text-align: center;\">\u8ddd\u79bb\u7d22\u7c73\u5c14\u706b\u8f66\u7ad9\uff1a17\u516c\u91cc\uff1b<\/p>\n<p style=\"text-align: center;\">\u8ddd\u79bb\u56fe\u5c14\u706b\u8f66\u7ad9\uff1a57\u516c\u91cc\u3002<\/p>\n<h3 style=\"text-align: center;\">\u98de\u673a<\/h3>\n<p style=\"text-align: center;\">\u6602\u70ed\uff1a59\u516c\u91cc\uff1b<\/p>\n<p style=\"text-align: center;\">\u56fe\u5c14\u673a\u573a\uff1a74\u516c\u91cc\uff1b<\/p>\n<p style=\"text-align: center;\">\u666e\u74e6\u56fe\u673a\u573a\uff1a80\u516c\u91cc\uff1b<\/p>\n<p style=\"text-align: center;\">\u5357\u7279\u673a\u573a\uff1a159\u516c\u91cc\u3002<\/p>\n<p style=\"text-align: center;\">\u67e5\u627e\u66f4\u591a\u822a\u73ed\u8bf7\u89c1<a href=\"https:\/\/www.momondo.fr\/\">Momondo.fr<\/a><\/p>\n<h3 style=\"text-align: center;\">\u516c\u4ea4\u8f66<\/h3>\n<p style=\"text-align: center;\">\u7d22\u7c73\u5c14-\u8499\u7d22\u7f57\u516c\u4ea4<\/p>\n<p style=\"text-align: center;\">\u67e5\u8be2\u65f6\u523b\u8868\u53ef<a href=\"https:\/\/www.agglobus.fr\/se-deplacer\/fiches-horaires\/fiches-horaires-du-reseau-periurbain\"><u>\u70b9\u51fb\u6b64\u5904<\/u><\/a><\/p>\n<h3 style=\"text-align: center;\">\u6e21\u8239<\/h3>\n<p style=\"text-align: center;\">\u7d22\u7c73\u5c14-\u8499\u7d22\u7f57\u6e21\u8239<\/p>\n<p style=\"text-align: center;\">7\u67086\u65e5\u81f38\u670831\u65e5\u95f4\u6bcf\u5468\u516d\u5747\u6709\u822a\u7ebf<\/p>\n<p style=\"text-align: center;\">\u822a\u884c\u65f6\u95f4\uff1a1\u5c0f\u65f615\u5206<\/p>\n<h3 style=\"text-align: center;\"><\/h3>\n<\/div>\n<\/div><div class=\"clear\"><\/div>\n<hr \/>\n<p><!--\n[ut_title_divider]\n\n\n<h2>Le Restaurant<\/h2>\n\n\n[\/ut_title_divider]\n[ut_one] [ut_alert color=\"grey\"]\n<img loading=\"lazy\" decoding=\"async\" class=\"aligncenter wp-image-4786 size-full\" title=\"Cr\u00e9dits Photographiques : Chloe Ghesquier\" src=\"http:\/\/www.chateau-montsoreau.com\/wordpress\/wp-content\/uploads\/2016\/03\/Ch\u00e2teau-22.png\" alt=\"\" width=\"2000\" height=\"1501\" \/>[\/ut_alert] [\/ut_one_half]\n\n[ut_one_half_last] [ut_alert color=\"grey\"]\n\n\n<h5 style=\"text-align: center;\">Les cartes du Restaurant\nBient\u00f4t<\/h5>\n\n\n[\/ut_alert] [\/ut_one_half_last]\n\n[ut_alert color=\"grey\"]\n[ut_title_divider margin_top=\"5\"]\n\n\n<h2>Chez Alexandre<\/h2>\n\n\n[\/ut_title_divider]\n\n\n<h3 style=\"text-align: center;\">Situ\u00e9 dans la cour int\u00e9rieure, le Bistrot du Ch\u00e2teau propose une cuisine de saison \u00e0 la fois simple et inventive. Dans ce lieu convivial, vous vous laisserez surprendre par l'originalit\u00e9 d\u2019une carte authentique aux plats servis dans un cadre exceptionnel.<\/h3>\n\n\n[\/ut_alert]\n\n\n\n<hr \/ -->\n<h6 class=\"ut-title-divider \" ><span><\/p>\n<h2>\u652f\u4ed8\u65b9\u5f0f<\/h2>\n<p style=\"text-align: justify;\"><\/span><\/h6>\n<p><iframe loading=\"lazy\" style=\"border: 0;\" src=\"https:\/\/www.google.com\/maps\/embed?pb=!1m18!1m12!1m3!1d2710.0456731702134!2d0.06036031508782734!3d47.215688622893936!2m3!1f0!2f0!3f0!3m2!1i1024!2i768!4f13.1!3m3!1m2!1s0x0%3A0xa3ad940aa09d3ec4!2sCh%C3%A2teau%20de%20Montsoreau-Mus%C3%A9e%20d'art%20contemporain!5e0!3m2!1sfr!2sfr!4v1578134901008!5m2!1sfr!2sfr\" width=\"600\" height=\"450\" frameborder=\"0\" allowfullscreen=\"allowfullscreen\"><\/iframe><\/p>\n<p>\u73b0\u91d1\uff0c\u94f6\u884c\u5361\uff0c\u652f\u7968\u548c\u5047\u671f\u652f\u7968\u3002<\/p>\n<p>\u6700\u540e\u8fdb\u5165\u65f6\u95f4\uff1a\u95ed\u998645\u5206\u949f\u524d\u3002<\/p>\n<p>\u4f7f\u7528\u8bed\u8a00\uff1a\u6cd5\u8bed\/\u82f1\u8bed\/\u897f\u73ed\u7259\u8bed\u3002<\/p>\n<p>\u50a8\u7269\u67dc\uff0c\u81ea\u884c\u8f66\u4f4d\uff0c\u7535\u68af\uff0c\u5c3f\u5e03\u66f4\u6362\u684c\u3002<\/p>\n<p>\u6298\u51f3\uff0c\u5a74\u513f\u8f66\u505c\u653e\u5904\u3002<\/p>\n<p>\u4fdd\u6301\u7275\u5f15\u72b6\u6001\u4e0b\u5141\u8bb8\u72ac\u53ea\u8fdb\u5165\u3002<\/p>\n<p>\u5750\u843d\u4e8e\u5362\u74e6\u5c14\u6cb3\u7554\uff0c\u5904\u4e8e\u5362\u74e6\u5c14-\u5b89\u8339-\u56fe\u5c14\u8bb7\u81ea\u7136\u516c\u56ed\u7684\u4e2d\u5fc3\u5730\u533a\uff0c\u4f4d\u4e8e\u6cd5\u56fd\u6700\u7f8e\u4e3d\u7684\u6751\u5e84\u4e2d\uff0c\u8499\u7d22\u7f57\u57ce\u5821-\u5f53\u4ee3\u827a\u672f\u535a\u7269\u9986\u8ba9\u4eba\u4eec\u5728\u6e38\u89c8\u5386\u53f2\u53e4\u8ff9\u7684\u540c\u65f6\uff0c\u4e5f\u80fd\u63a2\u7d22\u5f53\u4ee3\u827a\u672f\u7684\u79c1\u4eba\u85cf\u54c1\u3002\u8499\u7d22\u7f57\u4e3a\u60a8\u7684\u5c45\u7559\u63d0\u4f9b\u591a\u79cd\u6587\u5316\u4e0e\u4f53\u80b2\u6d3b\u52a8\uff1a\u76ae\u5212\u8247\u3001\u5212\u6c34\u3001\u6e38\u8239\u3001\u8461\u8404\u9152\u54c1\u9274\uff08\u7d22\u7c73\u5c14\u548c\u5e0c\u519c\u8461\u8404\u9152\uff09\u3001\u70ed\u6c14\u7403\u3001\u8bbf\u95ee\u7a74\u5c45\u623f\u5c4b\u3001\u5eb7\u5fb7\u5723\u9a6c\u4e01\u7684\u5927\u6559\u5802\u3001\u7ef4\u57c3\u7eb3\u6cb3\u4e0e\u5362\u74e6\u5c14\u6cb3\u6c47\u6d41\u5904\u6216\u662f\u4e30\u7279\u6c83\u7f57\u4fee\u9053\u9662\u3002<\/p>\n<p>\u66f4\u591a\u4fe1\u606f\u8be6\u89c1<a href=\"https:\/\/www.anjou-tourisme.com\/fr\"><u>\u5b89\u8339\u65c5\u6e38\u4e2d\u5fc3<\/u>\u3002<\/a><\/p>\n<p><img loading=\"lazy\" decoding=\"async\" class=\"alignnone size-full wp-image-7704\" src=\"http:\/\/www.chateau-montsoreau.com\/wordpress\/wp-content\/uploads\/2020\/01\/barre-pictos-pour-site-web-3.jpg\" alt=\"\" width=\"1243\" height=\"113\" srcset=\"https:\/\/www.chateau-montsoreau.com\/wordpress\/wp-content\/uploads\/2020\/01\/barre-pictos-pour-site-web-3.jpg 1243w, https:\/\/www.chateau-montsoreau.com\/wordpress\/wp-content\/uploads\/2020\/01\/barre-pictos-pour-site-web-3-600x55.jpg 600w, https:\/\/www.chateau-montsoreau.com\/wordpress\/wp-content\/uploads\/2020\/01\/barre-pictos-pour-site-web-3-300x27.jpg 300w, https:\/\/www.chateau-montsoreau.com\/wordpress\/wp-content\/uploads\/2020\/01\/barre-pictos-pour-site-web-3-768x70.jpg 768w, https:\/\/www.chateau-montsoreau.com\/wordpress\/wp-content\/uploads\/2020\/01\/barre-pictos-pour-site-web-3-1024x93.jpg 1024w\" sizes=\"auto, (max-width: 1243px) 100vw, 1243px\" \/><\/p>\n","protected":false},"excerpt":{"rendered":"<p>\u8499\u7d22\u7f57\u57ce\u5821-\u5f53\u4ee3\u827a\u672f\u535a\u7269\u9986 (Ch\u00e2teau de Montsoreau &#8211; Mus\u00e9e d&rsquo;art contemporain) \u5730\u5740\uff1aPassage du marquis de geoffre 49730 Montsoreau, vall\u00e9e de la Loire. \u5168\u5e74\u5f00\u653e \u73b0\u91d1\uff0c\u94f6\u884c\u5361\uff0c\u652f\u7968\u548c\u5047\u671f\u652f\u7968\u3002 \u6700\u540e\u8fdb\u5165\u65f6\u95f4\uff1a\u95ed\u998645\u5206\u949f\u524d\u3002 \u4f7f\u7528\u8bed\u8a00\uff1a\u6cd5\u8bed\/\u82f1\u8bed\/\u897f\u73ed\u7259\u8bed\u3002 \u50a8\u7269\u67dc\uff0c\u81ea\u884c\u8f66\u4f4d\uff0c\u7535\u68af\uff0c\u5c3f\u5e03\u66f4\u6362\u684c\u3002 \u6298\u51f3\uff0c\u5a74\u513f\u8f66\u505c\u653e\u5904\u3002 \u4fdd\u6301\u7275\u5f15\u72b6\u6001\u4e0b\u5141\u8bb8\u72ac\u53ea\u8fdb\u5165\u3002 \u5750\u843d\u4e8e\u5362\u74e6\u5c14\u6cb3\u7554\uff0c\u5904\u4e8e\u5362\u74e6\u5c14-\u5b89\u8339-\u56fe\u5c14\u8bb7\u81ea\u7136\u516c\u56ed\u7684\u4e2d\u5fc3\u5730\u533a\uff0c\u4f4d\u4e8e\u6cd5\u56fd\u6700\u7f8e\u4e3d\u7684\u6751\u5e84\u4e2d\uff0c\u8499\u7d22\u7f57\u57ce\u5821-\u5f53\u4ee3\u827a\u672f\u535a\u7269\u9986\u8ba9\u4eba\u4eec\u5728\u6e38\u89c8\u5386\u53f2\u53e4\u8ff9\u7684\u540c\u65f6\uff0c\u4e5f\u80fd\u63a2\u7d22\u5f53\u4ee3\u827a\u672f\u7684\u79c1\u4eba\u85cf\u54c1\u3002\u8499\u7d22\u7f57\u4e3a\u60a8\u7684\u5c45\u7559\u63d0\u4f9b\u591a\u79cd\u6587\u5316\u4e0e\u4f53\u80b2\u6d3b\u52a8\uff1a\u76ae\u5212\u8247\u3001\u5212\u6c34\u3001\u6e38\u8239\u3001\u8461\u8404\u9152\u54c1\u9274\uff08\u7d22\u7c73\u5c14\u548c\u5e0c\u519c\u8461\u8404\u9152\uff09\u3001\u70ed\u6c14\u7403\u3001\u8bbf\u95ee\u7a74\u5c45\u623f\u5c4b\u3001\u5eb7\u5fb7\u5723\u9a6c\u4e01\u7684\u5927\u6559\u5802\u3001\u7ef4\u57c3\u7eb3\u6cb3\u4e0e\u5362\u74e6\u5c14\u6cb3\u6c47\u6d41\u5904\u6216\u662f\u4e30\u7279\u6c83\u7f57\u4fee\u9053\u9662\u3002 \u66f4\u591a\u4fe1\u606f\u8be6\u89c1\u5b89\u8339\u65c5\u6e38\u4e2d\u5fc3\u3002<\/p>\n","protected":false},"author":5,"featured_media":0,"parent":0,"menu_order":1,"comment_status":"closed","ping_status":"closed","template":"","meta":{"footnotes":""},"class_list":["post-7061","page","type-page","status-publish","hentry"],"yoast_head":"<!-- This site is optimized with the Yoast SEO plugin v27.3 - https:\/\/yoast.com\/product\/yoast-seo-wordpress\/ -->\n<title>\u5b9e\u7528\u4fe1\u606f | Ch\u00e2teau de Montsoreau-Mus\u00e9e d&#039;Art Contemporain<\/title>\n<meta name=\"description\" content=\"\u5b9e\u7528\u4fe1\u606f\uff1a\u5f00\u653e\u65f6\u95f4\uff0c\u4ef7\u683c\uff0c\u65f6\u95f4\u8868\uff0c\u5730\u56fe\u3002\" \/>\n<meta name=\"robots\" content=\"index, follow, max-snippet:-1, max-image-preview:large, max-video-preview:-1\" \/>\n<link rel=\"canonical\" href=\"https:\/\/www.chateau-montsoreau.com\/wordpress\/zh\/\u5b9e\u7528\u4fe1\u606f\/\" \/>\n<meta property=\"og:locale\" content=\"fr_FR\" \/>\n<meta property=\"og:type\" content=\"article\" \/>\n<meta property=\"og:title\" content=\"\u5b9e\u7528\u4fe1\u606f | Ch\u00e2teau de Montsoreau-Mus\u00e9e d&#039;Art Contemporain\" \/>\n<meta property=\"og:description\" content=\"\u5b9e\u7528\u4fe1\u606f\uff1a\u5f00\u653e\u65f6\u95f4\uff0c\u4ef7\u683c\uff0c\u65f6\u95f4\u8868\uff0c\u5730\u56fe\u3002\" \/>\n<meta property=\"og:url\" content=\"https:\/\/www.chateau-montsoreau.com\/wordpress\/zh\/\u5b9e\u7528\u4fe1\u606f\/\" \/>\n<meta property=\"og:site_name\" content=\"Ch\u00e2teau de Montsoreau-Mus\u00e9e d&#039;Art Contemporain\" \/>\n<meta property=\"article:publisher\" content=\"https:\/\/www.facebook.com\/chateaudemontsoreau\/\" \/>\n<meta property=\"article:modified_time\" content=\"2020-01-27T15:51:16+00:00\" \/>\n<meta property=\"og:image\" content=\"http:\/\/www.chateau-montsoreau.com\/wordpress\/wp-content\/uploads\/2018\/10\/Telerama-Pass-art-contemporain-Ch\u00e2teau-de-Montsoreau-Mus\u00e9e-dart-contemporain-Val-de-Loire.gif\" \/>\n<meta name=\"twitter:card\" content=\"summary_large_image\" \/>\n<meta name=\"twitter:site\" content=\"@Cmontsoreau\" \/>\n<meta name=\"twitter:label1\" content=\"Dur\u00e9e de lecture estim\u00e9e\" \/>\n\t<meta name=\"twitter:data1\" content=\"1 minute\" \/>\n<script type=\"application\/ld+json\" class=\"yoast-schema-graph\">{\"@context\":\"https:\\\/\\\/schema.org\",\"@graph\":[{\"@type\":\"WebPage\",\"@id\":\"https:\\\/\\\/www.chateau-montsoreau.com\\\/wordpress\\\/zh\\\/%e5%ae%9e%e7%94%a8%e4%bf%a1%e6%81%af\\\/\",\"url\":\"https:\\\/\\\/www.chateau-montsoreau.com\\\/wordpress\\\/zh\\\/%e5%ae%9e%e7%94%a8%e4%bf%a1%e6%81%af\\\/\",\"name\":\"\u5b9e\u7528\u4fe1\u606f | Ch\u00e2teau de Montsoreau-Mus\u00e9e d&#039;Art Contemporain\",\"isPartOf\":{\"@id\":\"https:\\\/\\\/www.chateau-montsoreau.com\\\/wordpress\\\/#website\"},\"primaryImageOfPage\":{\"@id\":\"https:\\\/\\\/www.chateau-montsoreau.com\\\/wordpress\\\/zh\\\/%e5%ae%9e%e7%94%a8%e4%bf%a1%e6%81%af\\\/#primaryimage\"},\"image\":{\"@id\":\"https:\\\/\\\/www.chateau-montsoreau.com\\\/wordpress\\\/zh\\\/%e5%ae%9e%e7%94%a8%e4%bf%a1%e6%81%af\\\/#primaryimage\"},\"thumbnailUrl\":\"http:\\\/\\\/www.chateau-montsoreau.com\\\/wordpress\\\/wp-content\\\/uploads\\\/2020\\\/01\\\/barre-pictos-pour-site-web-3.jpg\",\"datePublished\":\"2019-09-15T14:39:04+00:00\",\"dateModified\":\"2020-01-27T15:51:16+00:00\",\"description\":\"\u5b9e\u7528\u4fe1\u606f\uff1a\u5f00\u653e\u65f6\u95f4\uff0c\u4ef7\u683c\uff0c\u65f6\u95f4\u8868\uff0c\u5730\u56fe\u3002\",\"breadcrumb\":{\"@id\":\"https:\\\/\\\/www.chateau-montsoreau.com\\\/wordpress\\\/zh\\\/%e5%ae%9e%e7%94%a8%e4%bf%a1%e6%81%af\\\/#breadcrumb\"},\"inLanguage\":\"fr-FR\",\"potentialAction\":[{\"@type\":\"ReadAction\",\"target\":[\"https:\\\/\\\/www.chateau-montsoreau.com\\\/wordpress\\\/zh\\\/%e5%ae%9e%e7%94%a8%e4%bf%a1%e6%81%af\\\/\"]}]},{\"@type\":\"ImageObject\",\"inLanguage\":\"fr-FR\",\"@id\":\"https:\\\/\\\/www.chateau-montsoreau.com\\\/wordpress\\\/zh\\\/%e5%ae%9e%e7%94%a8%e4%bf%a1%e6%81%af\\\/#primaryimage\",\"url\":\"http:\\\/\\\/www.chateau-montsoreau.com\\\/wordpress\\\/wp-content\\\/uploads\\\/2020\\\/01\\\/barre-pictos-pour-site-web-3.jpg\",\"contentUrl\":\"http:\\\/\\\/www.chateau-montsoreau.com\\\/wordpress\\\/wp-content\\\/uploads\\\/2020\\\/01\\\/barre-pictos-pour-site-web-3.jpg\"},{\"@type\":\"BreadcrumbList\",\"@id\":\"https:\\\/\\\/www.chateau-montsoreau.com\\\/wordpress\\\/zh\\\/%e5%ae%9e%e7%94%a8%e4%bf%a1%e6%81%af\\\/#breadcrumb\",\"itemListElement\":[{\"@type\":\"ListItem\",\"position\":1,\"name\":\"Accueil\",\"item\":\"https:\\\/\\\/www.chateau-montsoreau.com\\\/wordpress\\\/fr\\\/\"},{\"@type\":\"ListItem\",\"position\":2,\"name\":\"\u5b9e\u7528\u4fe1\u606f\"}]},{\"@type\":\"WebSite\",\"@id\":\"https:\\\/\\\/www.chateau-montsoreau.com\\\/wordpress\\\/#website\",\"url\":\"https:\\\/\\\/www.chateau-montsoreau.com\\\/wordpress\\\/\",\"name\":\"Ch\u00e2teau de Montsoreau-Mus\u00e9e d&#039;Art Contemporain\",\"description\":\"Ch\u00e2teaux de la Loire Art Contemporain Art Conceptuel\",\"publisher\":{\"@id\":\"https:\\\/\\\/www.chateau-montsoreau.com\\\/wordpress\\\/#organization\"},\"potentialAction\":[{\"@type\":\"SearchAction\",\"target\":{\"@type\":\"EntryPoint\",\"urlTemplate\":\"https:\\\/\\\/www.chateau-montsoreau.com\\\/wordpress\\\/?s={search_term_string}\"},\"query-input\":{\"@type\":\"PropertyValueSpecification\",\"valueRequired\":true,\"valueName\":\"search_term_string\"}}],\"inLanguage\":\"fr-FR\"},{\"@type\":\"Organization\",\"@id\":\"https:\\\/\\\/www.chateau-montsoreau.com\\\/wordpress\\\/#organization\",\"name\":\"Ch\u00e2teau de Montsoreau - Mus\u00e9e d'art contemporain\",\"url\":\"https:\\\/\\\/www.chateau-montsoreau.com\\\/wordpress\\\/\",\"logo\":{\"@type\":\"ImageObject\",\"inLanguage\":\"fr-FR\",\"@id\":\"https:\\\/\\\/www.chateau-montsoreau.com\\\/wordpress\\\/#\\\/schema\\\/logo\\\/image\\\/\",\"url\":\"https:\\\/\\\/www.chateau-montsoreau.com\\\/wordpress\\\/wp-content\\\/uploads\\\/2016\\\/03\\\/Logo-Montsoreau-tout-petit-1.png\",\"contentUrl\":\"https:\\\/\\\/www.chateau-montsoreau.com\\\/wordpress\\\/wp-content\\\/uploads\\\/2016\\\/03\\\/Logo-Montsoreau-tout-petit-1.png\",\"width\":133,\"height\":133,\"caption\":\"Ch\u00e2teau de Montsoreau - Mus\u00e9e d'art contemporain\"},\"image\":{\"@id\":\"https:\\\/\\\/www.chateau-montsoreau.com\\\/wordpress\\\/#\\\/schema\\\/logo\\\/image\\\/\"},\"sameAs\":[\"https:\\\/\\\/www.facebook.com\\\/chateaudemontsoreau\\\/\",\"https:\\\/\\\/x.com\\\/Cmontsoreau\",\"https:\\\/\\\/www.instagram.com\\\/chateaudemontsoreau\\\/\",\"http:\\\/\\\/www.pinterest.com\\\/Cmontsoreau\"]}]}<\/script>\n<!-- \/ Yoast SEO plugin. -->","yoast_head_json":{"title":"\u5b9e\u7528\u4fe1\u606f | Ch\u00e2teau de Montsoreau-Mus\u00e9e d&#039;Art Contemporain","description":"\u5b9e\u7528\u4fe1\u606f\uff1a\u5f00\u653e\u65f6\u95f4\uff0c\u4ef7\u683c\uff0c\u65f6\u95f4\u8868\uff0c\u5730\u56fe\u3002","robots":{"index":"index","follow":"follow","max-snippet":"max-snippet:-1","max-image-preview":"max-image-preview:large","max-video-preview":"max-video-preview:-1"},"canonical":"https:\/\/www.chateau-montsoreau.com\/wordpress\/zh\/\u5b9e\u7528\u4fe1\u606f\/","og_locale":"fr_FR","og_type":"article","og_title":"\u5b9e\u7528\u4fe1\u606f | Ch\u00e2teau de Montsoreau-Mus\u00e9e d&#039;Art Contemporain","og_description":"\u5b9e\u7528\u4fe1\u606f\uff1a\u5f00\u653e\u65f6\u95f4\uff0c\u4ef7\u683c\uff0c\u65f6\u95f4\u8868\uff0c\u5730\u56fe\u3002","og_url":"https:\/\/www.chateau-montsoreau.com\/wordpress\/zh\/\u5b9e\u7528\u4fe1\u606f\/","og_site_name":"Ch\u00e2teau de Montsoreau-Mus\u00e9e d&#039;Art Contemporain","article_publisher":"https:\/\/www.facebook.com\/chateaudemontsoreau\/","article_modified_time":"2020-01-27T15:51:16+00:00","og_image":[{"url":"http:\/\/www.chateau-montsoreau.com\/wordpress\/wp-content\/uploads\/2018\/10\/Telerama-Pass-art-contemporain-Ch\u00e2teau-de-Montsoreau-Mus\u00e9e-dart-contemporain-Val-de-Loire.gif","type":"","width":"","height":""}],"twitter_card":"summary_large_image","twitter_site":"@Cmontsoreau","twitter_misc":{"Dur\u00e9e de lecture estim\u00e9e":"1 minute"},"schema":{"@context":"https:\/\/schema.org","@graph":[{"@type":"WebPage","@id":"https:\/\/www.chateau-montsoreau.com\/wordpress\/zh\/%e5%ae%9e%e7%94%a8%e4%bf%a1%e6%81%af\/","url":"https:\/\/www.chateau-montsoreau.com\/wordpress\/zh\/%e5%ae%9e%e7%94%a8%e4%bf%a1%e6%81%af\/","name":"\u5b9e\u7528\u4fe1\u606f | Ch\u00e2teau de Montsoreau-Mus\u00e9e d&#039;Art Contemporain","isPartOf":{"@id":"https:\/\/www.chateau-montsoreau.com\/wordpress\/#website"},"primaryImageOfPage":{"@id":"https:\/\/www.chateau-montsoreau.com\/wordpress\/zh\/%e5%ae%9e%e7%94%a8%e4%bf%a1%e6%81%af\/#primaryimage"},"image":{"@id":"https:\/\/www.chateau-montsoreau.com\/wordpress\/zh\/%e5%ae%9e%e7%94%a8%e4%bf%a1%e6%81%af\/#primaryimage"},"thumbnailUrl":"http:\/\/www.chateau-montsoreau.com\/wordpress\/wp-content\/uploads\/2020\/01\/barre-pictos-pour-site-web-3.jpg","datePublished":"2019-09-15T14:39:04+00:00","dateModified":"2020-01-27T15:51:16+00:00","description":"\u5b9e\u7528\u4fe1\u606f\uff1a\u5f00\u653e\u65f6\u95f4\uff0c\u4ef7\u683c\uff0c\u65f6\u95f4\u8868\uff0c\u5730\u56fe\u3002","breadcrumb":{"@id":"https:\/\/www.chateau-montsoreau.com\/wordpress\/zh\/%e5%ae%9e%e7%94%a8%e4%bf%a1%e6%81%af\/#breadcrumb"},"inLanguage":"fr-FR","potentialAction":[{"@type":"ReadAction","target":["https:\/\/www.chateau-montsoreau.com\/wordpress\/zh\/%e5%ae%9e%e7%94%a8%e4%bf%a1%e6%81%af\/"]}]},{"@type":"ImageObject","inLanguage":"fr-FR","@id":"https:\/\/www.chateau-montsoreau.com\/wordpress\/zh\/%e5%ae%9e%e7%94%a8%e4%bf%a1%e6%81%af\/#primaryimage","url":"http:\/\/www.chateau-montsoreau.com\/wordpress\/wp-content\/uploads\/2020\/01\/barre-pictos-pour-site-web-3.jpg","contentUrl":"http:\/\/www.chateau-montsoreau.com\/wordpress\/wp-content\/uploads\/2020\/01\/barre-pictos-pour-site-web-3.jpg"},{"@type":"BreadcrumbList","@id":"https:\/\/www.chateau-montsoreau.com\/wordpress\/zh\/%e5%ae%9e%e7%94%a8%e4%bf%a1%e6%81%af\/#breadcrumb","itemListElement":[{"@type":"ListItem","position":1,"name":"Accueil","item":"https:\/\/www.chateau-montsoreau.com\/wordpress\/fr\/"},{"@type":"ListItem","position":2,"name":"\u5b9e\u7528\u4fe1\u606f"}]},{"@type":"WebSite","@id":"https:\/\/www.chateau-montsoreau.com\/wordpress\/#website","url":"https:\/\/www.chateau-montsoreau.com\/wordpress\/","name":"Ch\u00e2teau de Montsoreau-Mus\u00e9e d&#039;Art Contemporain","description":"Ch\u00e2teaux de la Loire Art Contemporain Art Conceptuel","publisher":{"@id":"https:\/\/www.chateau-montsoreau.com\/wordpress\/#organization"},"potentialAction":[{"@type":"SearchAction","target":{"@type":"EntryPoint","urlTemplate":"https:\/\/www.chateau-montsoreau.com\/wordpress\/?s={search_term_string}"},"query-input":{"@type":"PropertyValueSpecification","valueRequired":true,"valueName":"search_term_string"}}],"inLanguage":"fr-FR"},{"@type":"Organization","@id":"https:\/\/www.chateau-montsoreau.com\/wordpress\/#organization","name":"Ch\u00e2teau de Montsoreau - Mus\u00e9e d'art contemporain","url":"https:\/\/www.chateau-montsoreau.com\/wordpress\/","logo":{"@type":"ImageObject","inLanguage":"fr-FR","@id":"https:\/\/www.chateau-montsoreau.com\/wordpress\/#\/schema\/logo\/image\/","url":"https:\/\/www.chateau-montsoreau.com\/wordpress\/wp-content\/uploads\/2016\/03\/Logo-Montsoreau-tout-petit-1.png","contentUrl":"https:\/\/www.chateau-montsoreau.com\/wordpress\/wp-content\/uploads\/2016\/03\/Logo-Montsoreau-tout-petit-1.png","width":133,"height":133,"caption":"Ch\u00e2teau de Montsoreau - Mus\u00e9e d'art contemporain"},"image":{"@id":"https:\/\/www.chateau-montsoreau.com\/wordpress\/#\/schema\/logo\/image\/"},"sameAs":["https:\/\/www.facebook.com\/chateaudemontsoreau\/","https:\/\/x.com\/Cmontsoreau","https:\/\/www.instagram.com\/chateaudemontsoreau\/","http:\/\/www.pinterest.com\/Cmontsoreau"]}]}},"_links":{"self":[{"href":"https:\/\/www.chateau-montsoreau.com\/wordpress\/wp-json\/wp\/v2\/pages\/7061","targetHints":{"allow":["GET"]}}],"collection":[{"href":"https:\/\/www.chateau-montsoreau.com\/wordpress\/wp-json\/wp\/v2\/pages"}],"about":[{"href":"https:\/\/www.chateau-montsoreau.com\/wordpress\/wp-json\/wp\/v2\/types\/page"}],"author":[{"embeddable":true,"href":"https:\/\/www.chateau-montsoreau.com\/wordpress\/wp-json\/wp\/v2\/users\/5"}],"replies":[{"embeddable":true,"href":"https:\/\/www.chateau-montsoreau.com\/wordpress\/wp-json\/wp\/v2\/comments?post=7061"}],"version-history":[{"count":6,"href":"https:\/\/www.chateau-montsoreau.com\/wordpress\/wp-json\/wp\/v2\/pages\/7061\/revisions"}],"predecessor-version":[{"id":7906,"href":"https:\/\/www.chateau-montsoreau.com\/wordpress\/wp-json\/wp\/v2\/pages\/7061\/revisions\/7906"}],"wp:attachment":[{"href":"https:\/\/www.chateau-montsoreau.com\/wordpress\/wp-json\/wp\/v2\/media?parent=7061"}],"curies":[{"name":"wp","href":"https:\/\/api.w.org\/{rel}","templated":true}]}}