{"id":7073,"date":"2019-09-19T09:29:02","date_gmt":"2019-09-19T08:29:02","guid":{"rendered":"http:\/\/www.chateau-montsoreau.com\/wordpress\/?page_id=7073"},"modified":"2020-02-19T14:23:38","modified_gmt":"2020-02-19T13:23:38","slug":"%e5%8f%82%e8%a7%82%e5%af%bc%e8%a7%88-%e6%b4%bb%e5%8a%a8","status":"publish","type":"page","link":"https:\/\/www.chateau-montsoreau.com\/wordpress\/zh\/%e5%8f%82%e8%a7%82%e5%af%bc%e8%a7%88-%e6%b4%bb%e5%8a%a8\/","title":{"rendered":"\u53c2\u89c2\u5bfc\u89c8\/\u6d3b\u52a8"},"content":{"rendered":"<p><strong>\u53c2\u89c2\u5bfc\u89c8\uff08\u4f7f\u7528\u8bed\u8a00\uff1a\u6cd5\u8bed\/\u82f1\u8bed\/\u897f\u73ed\u7259\u8bed\uff09<\/strong><\/p>\n<p>\u4e2a\u4eba\u53c2\u89c2\u5bfc\u89c8\uff1a\u6bcf\u573a20\u4eba\u4e0a\u9650\u3002<\/p>\n<p>\u5bfc\u89c8\u9884\u7ea6\u90ae\u7bb1\uff1agroupes.chateaudemontsoreau@gmail.com.<\/p>\n<div  class=\"ut-one-half  \">\n<p><strong>\u5899\u96d5\u6d82\u9e26\u5de5\u4f5c\u574a\uff1a\u4ece\u62c9\u65af\u79d1\u6d1e\u7a9f\u58c1\u753b\u5230\u73ed\u514b\u65af\uff08\u6cd5\u8bed\uff09<\/strong><\/p>\n<p>\u5728\u4e00\u4f4d\u57ce\u5821\u5de5\u4f5c\u4eba\u5458\u7684\u4e3b\u6301\u4e0b\uff0c\u5899\u96d5\u6d82\u9e26\u5de5\u4f5c\u574a\u5c06\u7ed9\u5b69\u5b50\u4eec\u8bb2\u8ff0\u5899\u96d5\u6d82\u9e26\u4ece\u53e4\u4ee3\u5230\u4eca\u65e5\u7684\u5386\u53f2\uff0c\u4ed6\u4eec\u7684\u610f\u4e49\u548c\u89c4\u5219\uff0c\u4ee5\u53ca\u6d82\u9e26\u5927\u5e08\u4eec\uff08\u73ed\u514b\u65af\u548c\u51ef\u65af\u00b7\u54c8\u6797\u7b49\u827a\u672f\u5bb6\uff09\u7684\u4e2a\u4eba\u6545\u4e8b\u3002\u8bb2\u89e3\u57ce\u5821\u5185\u90e8\u7684\u6d82\u9e26\u5c06\u662f\u8fd9\u4e2a\u5de5\u4f5c\u574a\u7684\u8d77\u70b9\uff0c\u6700\u540e\u5b69\u5b50\u4eec\u5c06\u5728\u4e00\u5757\u77f3\u7070\u534e\u677f\u4e0a\u521b\u4f5c\u4e0e\u81ea\u5df1\u5bb6\u5ead\u6709\u5173\u7684\u6d82\u9e26\u3002<\/p>\n<p>\u5e74\u9f84\uff1a7\u5c81\u4ee5\u4e0a<\/p>\n<p>\u65f6\u957f\uff1a1\u5c0f\u65f6<\/p>\n<p>\u65f6\u95f4\uff1a\u6bcf\u5468\u4e09\u4e0e\u5468\u516d\u4e0b\u5348\u4e09\u70b9<\/p>\n<p>\u8d39\u7528\uff1a8\u20ac<\/p>\n<p>\u9884\u5b9a\u70ed\u7ebf\u4e0e\u90ae\u7bb1\uff1a02 41 67 12 60 \/ contact@chateau-montsoreau.com<\/p>\n<p>&nbsp;<\/p>\n<p style=\"text-align: left;\"><\/div>\n<p style=\"text-align: left;\"><div  class=\"ut-one-half ut-column-last  \">\n<p><img loading=\"lazy\" decoding=\"async\" class=\"alignnone size-full wp-image-6293\" src=\"http:\/\/www.chateau-montsoreau.com\/wordpress\/wp-content\/uploads\/2019\/02\/atelier-graffiti-chateau-de-montsoreau-musee-dart-contemporain-val-de-loire.jpg\" alt=\"\" width=\"2419\" height=\"1616\" srcset=\"https:\/\/www.chateau-montsoreau.com\/wordpress\/wp-content\/uploads\/2019\/02\/atelier-graffiti-chateau-de-montsoreau-musee-dart-contemporain-val-de-loire.jpg 2419w, https:\/\/www.chateau-montsoreau.com\/wordpress\/wp-content\/uploads\/2019\/02\/atelier-graffiti-chateau-de-montsoreau-musee-dart-contemporain-val-de-loire-600x401.jpg 600w, https:\/\/www.chateau-montsoreau.com\/wordpress\/wp-content\/uploads\/2019\/02\/atelier-graffiti-chateau-de-montsoreau-musee-dart-contemporain-val-de-loire-300x200.jpg 300w, https:\/\/www.chateau-montsoreau.com\/wordpress\/wp-content\/uploads\/2019\/02\/atelier-graffiti-chateau-de-montsoreau-musee-dart-contemporain-val-de-loire-768x513.jpg 768w, https:\/\/www.chateau-montsoreau.com\/wordpress\/wp-content\/uploads\/2019\/02\/atelier-graffiti-chateau-de-montsoreau-musee-dart-contemporain-val-de-loire-1024x684.jpg 1024w\" sizes=\"auto, (max-width: 2419px) 100vw, 2419px\" \/><\/p>\n<h4 style=\"text-align: justify;\"><\/div><div class=\"clear\"><\/div><\/h4>\n<p>&nbsp;<\/p>\n<div  class=\"ut-one-half  \">\n<p><strong>\u8499\u7d22\u7f57\u827a\u672f\u6e38<\/strong><\/p>\n<p>\u5728\u4e00\u4f4d\u5bfc\u89c8\u7684\u966a\u540c\u4e0b\uff0c\u60a8\u53ef\u4ee5\u63a2\u7d22\u827a\u672f\u5bb6\u773c\u4e2d\u7684\u8499\u7d22\u7f57\uff0c\u91cd\u8d70\u798f\u697c\u62dc\u3001\u900f\u7eb3\u3001\u7f57\u4e39\u3001\u65af\u76ae\u5c14\u4f2f\u683c\u3001\u62c9\u4f2f\u96f7\u548c\u5927\u4ef2\u9a6c\u8d70\u8fc7\u7684\u9053\u8def\u2026\u2026<\/p>\n<p>\u5728\u6e38\u89c8\u8fc7\u7a0b\u4e2d\uff0c\u60a8\u5c06\u4f1a\u53d1\u73b0\u4ece\u6587\u827a\u590d\u5174\u76f4\u81f3\u4eca\u65e5\uff0c\u8499\u7d22\u7f57\u5982\u4f55\u83b7\u5f97\u827a\u672f\u5bb6\u7684\u9752\u7750\uff0c\u5e76\u5728\u7535\u5f71\u3001\u97f3\u4e50\u3001\u6587\u5b66\u548c\u7ed8\u753b\u65b9\u9762\u6301\u7eed\u7ed9\u521b\u4f5c\u8005\u4eec\u63d0\u4f9b\u7075\u611f\u3002<\/p>\n<p>\u6e38\u89c8\u73af\u8282:<\/p>\n<ul>\n<li>\u900f\u7eb3\uff1a\u5149\u4e4b\u6cb3<\/li>\n<li>\u798f\u697c\u62dc\uff1a\u5362\u74e6\u5c14\u6cb3\u8c37\u58ee\u6e38<\/li>\n<li>\u7b2c\u4e09\u7c7b\u63a5\u89e6<\/li>\n<li>\u8499\u7d22\u7f57\u8df3\u86a4\u5e02\u573a<\/li>\n<li>Andr\u00e9 Obey \/ Henri Dutilleux\uff1a\u5bab\u5ef7\u4e0e\u82b1\u56ed\u4e4b\u95f4<\/li>\n<li>\u5927\u4ef2\u9a6c\uff1a\u8499\u68ad\u7f57\u592b\u4eba<\/li>\n<li>\u827a\u672f\u4e0e\u8bed\u8a00\uff1a\u8bbf\u95ee\u8499\u7d22\u7f57\u57ce\u5821-\u5f53\u4ee3\u827a\u672f\u535a\u7269\u9986<\/li>\n<li>\u8ddf\u968f\u5965\u53e4\u65af\u7279\u00b7\u7f57\u4e39\uff1a\u5efa\u7b51\u6fc0\u60c5<\/li>\n<li>\u62c9\u4f2f\u96f7\u7684\u7ae5\u5e74<\/li>\n<\/ul>\n<p>\u65f6\u957f\uff1a1\u5c0f\u65f630\u5206\uff08\u6b65\u884c\uff09\u3002<\/p>\n<p>\u65e5\u671f\uff1a2019\u5e743\u67088\u65e5\u81f39\u67086\u65e5\u6bcf\u5468\u65e5<\/p>\n<p>\u65f6\u95f4\uff1a11.30 a. m. \u2013 13.00 a. m.<\/p>\n<p>\u4ef7\u683c\uff1a18\u20ac \/ \u4eba<\/p>\n<p>\u6bcf\u6b21\u6700\u591a\u63a5\u53d715\u4eba\u9884\u5b9a\u3002<\/p>\n<p>\u9884\u5b9a\u70ed\u7ebf\/\u90ae\u7bb1\uff1a02 41 67 12 60 \/ contact@chateau-montsoreau.com<\/p>\n<p style=\"text-align: left;\"><\/div>\n<p style=\"text-align: left;\"><div  class=\"ut-one-half ut-column-last  \">\n<p><img loading=\"lazy\" decoding=\"async\" class=\"alignnone size-full wp-image-6295\" src=\"http:\/\/www.chateau-montsoreau.com\/wordpress\/wp-content\/uploads\/2019\/02\/Montsoreau-Art-Tour-chateau-de-montsoreau-musee-dart-contemporain-val-de-loire.jpg\" alt=\"\" width=\"1280\" height=\"720\" srcset=\"https:\/\/www.chateau-montsoreau.com\/wordpress\/wp-content\/uploads\/2019\/02\/Montsoreau-Art-Tour-chateau-de-montsoreau-musee-dart-contemporain-val-de-loire.jpg 1280w, https:\/\/www.chateau-montsoreau.com\/wordpress\/wp-content\/uploads\/2019\/02\/Montsoreau-Art-Tour-chateau-de-montsoreau-musee-dart-contemporain-val-de-loire-600x338.jpg 600w, https:\/\/www.chateau-montsoreau.com\/wordpress\/wp-content\/uploads\/2019\/02\/Montsoreau-Art-Tour-chateau-de-montsoreau-musee-dart-contemporain-val-de-loire-300x169.jpg 300w, https:\/\/www.chateau-montsoreau.com\/wordpress\/wp-content\/uploads\/2019\/02\/Montsoreau-Art-Tour-chateau-de-montsoreau-musee-dart-contemporain-val-de-loire-768x432.jpg 768w, https:\/\/www.chateau-montsoreau.com\/wordpress\/wp-content\/uploads\/2019\/02\/Montsoreau-Art-Tour-chateau-de-montsoreau-musee-dart-contemporain-val-de-loire-1024x576.jpg 1024w\" sizes=\"auto, (max-width: 1280px) 100vw, 1280px\" \/><\/p>\n<h4 style=\"text-align: justify;\"><\/div><div class=\"clear\"><\/div><\/h4>\n<p>&nbsp;<\/p>\n<div  class=\"ut-one-half  \">\n<p><strong>\u65e5\u843d\u65f6\u5206\u7684\u81ea\u7136\u8461\u8404\u9152\u54c1\u9274<\/strong><\/p>\n<p>\u5728\u60a8\u5230\u6765\u4e4b\u9645\uff0cJean 2\u9910\u5385\u7684\u4e3b\u53a8\u5c06\u5728\u9910\u5385\u7684\u5929\u53f0\u4e0a\u63a5\u5f85\u60a8\uff0c\u8fd9\u4e2a\u9910\u5385\u4f4d\u4e8e\u8499\u7d22\u7f57\u57ce\u5821\u65e7\u65e5\u53a8\u623f\u4e2d\u3002\u4ed6\u5c06\u4e3a\u60a8\u8bb2\u8ff0\u8499\u7d22\u7f57\u5c0f\u9547\u7684\u5386\u53f2\u3002\u8fd9\u4e2a\u5362\u74e6\u5c14\u6cb3\u8c37\u5c0f\u9547\u662f\u6cd5\u56fd\u6700\u7f8e\u4e3d\u7684\u6751\u5e84\u4e4b\u4e00\uff0c\u5b83\u4e5f\u88ab\u8054\u5408\u56fd\u6559\u79d1\u6587\u7ec4\u7ec7\u8bc4\u5b9a\u4e3a\u4e16\u754c\u6587\u5316\u9057\u4ea7\u3002\u60a8\u540c\u65f6\u4e5f\u53ef\u4ee5\u5728\u5916\u4fa7\u5c3d\u60c5\u89c2\u8d4f\u8fd9\u5ea7\u5353\u8d8a\u7684\u5efa\u7b51\uff1a\u5b83\u662f\u5362\u74e6\u5c14\u6cb3\u8c37\u6700\u65e9\u7684\u6587\u827a\u590d\u5174\u5f0f\u57ce\u5821\u4e4b\u4e00\uff0c\u4e5f\u662f\u552f\u4e00\u4e00\u5ea7\u5efa\u7b51\u5728\u6cb3\u5e8a\u4e0a\u7684\u57ce\u5821\u3002<\/p>\n<p>\u5728\u8f7b\u677e\u6109\u60a6\u7684\u6c1b\u56f4\u4e2d\uff0c\u60a8\u53ef\u4ee5\u63a2\u7d22\u516d\u6b3e\u81ea\u7136\u8461\u8404\u9152\uff0c\u54c1\u5c1d\u672c\u5730\u65b0\u9c9c\u7684\u81ea\u5236\u70b9\u5fc3\u3002\u5927\u53a8\u4f1a\u4e3a\u60a8\u89e3\u91ca\u6bcf\u4e00\u6b3e\u8461\u8404\u9152\u7684\u6765\u6e90\uff0c\u5e76\u63d0\u4f9b\u8461\u8404\u9152\u917f\u9020\u8005\u7684\u4fe1\u606f\u3002\u6574\u4e2a\u665a\u4e0a\uff0c\u60a8\u5c06\u4eab\u53d7\u5362\u74e6\u5c14\u6cb3\u3001\u8499\u7d22\u7f57\u57ce\u5821\u548c\u5c0f\u9547\u7684\u7f8e\u666f\u3002<\/p>\n<p>\u65f6\u957f\uff1a2\u5c0f\u65f6<\/p>\n<p>\u65e5\u671f\uff1a2020\u5e745\u67081\u65e5\u81f39\u670826\u65e5\u6bcf\u5468\u4e94\u548c\u5468\u516d<\/p>\n<p>\u65f6\u95f4\uff1a8 p. m. \u2013 10 p. m.<\/p>\n<p>\u6bcf\u6b21\u6700\u591a\u63a5\u53d715\u4eba\u9884\u5b9a\u3002<\/p>\n<p>\u9884\u5b9a\u70ed\u7ebf\/\u90ae\u7bb1\uff1a+33 (0)6 35 42 70 36 \/ contact@chateau-montsoreau.com<\/p>\n<p style=\"text-align: left;\"><\/div>\n<p style=\"text-align: left;\"><div  class=\"ut-one-half ut-column-last  \">\n<p><img loading=\"lazy\" decoding=\"async\" class=\"aligncenter wp-image-6297 size-full\" src=\"http:\/\/www.chateau-montsoreau.com\/wordpress\/wp-content\/uploads\/2019\/02\/d\u00e9gustation-de-vins-naturels-au-coucher-du-soleil-chateau-de-montsoreau-musee-dart-contemporain-val-de-loire.jpg\" alt=\"\" width=\"550\" height=\"364\" srcset=\"https:\/\/www.chateau-montsoreau.com\/wordpress\/wp-content\/uploads\/2019\/02\/d\u00e9gustation-de-vins-naturels-au-coucher-du-soleil-chateau-de-montsoreau-musee-dart-contemporain-val-de-loire.jpg 550w, https:\/\/www.chateau-montsoreau.com\/wordpress\/wp-content\/uploads\/2019\/02\/d\u00e9gustation-de-vins-naturels-au-coucher-du-soleil-chateau-de-montsoreau-musee-dart-contemporain-val-de-loire-300x199.jpg 300w\" sizes=\"auto, (max-width: 550px) 100vw, 550px\" \/><\/p>\n<h4 style=\"text-align: justify;\"><\/div><div class=\"clear\"><\/div><\/h4>\n<h4 style=\"text-align: justify;\"><\/h4>\n","protected":false},"excerpt":{"rendered":"<p>\u53c2\u89c2\u5bfc\u89c8\uff08\u4f7f\u7528\u8bed\u8a00\uff1a\u6cd5\u8bed\/\u82f1\u8bed\/\u897f\u73ed\u7259\u8bed\uff09 \u4e2a\u4eba\u53c2\u89c2\u5bfc\u89c8\uff1a\u6bcf\u573a20\u4eba\u4e0a\u9650\u3002 \u5bfc\u89c8\u9884\u7ea6\u90ae\u7bb1\uff1agroupes.chateaudemontsoreau@gmail.com. &nbsp; &nbsp;<\/p>\n","protected":false},"author":5,"featured_media":0,"parent":0,"menu_order":0,"comment_status":"closed","ping_status":"closed","template":"","meta":{"footnotes":""},"class_list":["post-7073","page","type-page","status-publish","hentry"],"yoast_head":"<!-- This site is optimized with the Yoast SEO plugin v27.3 - https:\/\/yoast.com\/product\/yoast-seo-wordpress\/ -->\n<title>\u53c2\u89c2\u5bfc\u89c8\/\u6d3b\u52a8 | Ch\u00e2teau de Montsoreau-Mus\u00e9e d&#039;Art Contemporain<\/title>\n<meta name=\"description\" content=\"\u4e2a\u4eba\u53c2\u89c2\u5bfc\u89c8\uff1a\u6bcf\u573a20\u4eba\u4e0a\u9650\u3002 \u5899\u96d5\u6d82\u9e26\u5de5\u4f5c\u574a\uff1a\u4ece\u62c9\u65af\u79d1\u6d1e\u7a9f\u58c1\u753b\u5230\u73ed\u514b\u65af\uff08\u6cd5\u8bed) \u3002\u8499\u7d22\u7f57\u827a\u672f\u6e38\" \/>\n<meta name=\"robots\" content=\"index, follow, max-snippet:-1, max-image-preview:large, max-video-preview:-1\" \/>\n<link rel=\"canonical\" href=\"https:\/\/www.chateau-montsoreau.com\/wordpress\/zh\/\u53c2\u89c2\u5bfc\u89c8-\u6d3b\u52a8\/\" \/>\n<meta property=\"og:locale\" content=\"fr_FR\" \/>\n<meta property=\"og:type\" content=\"article\" \/>\n<meta property=\"og:title\" content=\"\u53c2\u89c2\u5bfc\u89c8\/\u6d3b\u52a8 | Ch\u00e2teau de Montsoreau-Mus\u00e9e d&#039;Art Contemporain\" \/>\n<meta property=\"og:description\" content=\"\u4e2a\u4eba\u53c2\u89c2\u5bfc\u89c8\uff1a\u6bcf\u573a20\u4eba\u4e0a\u9650\u3002 \u5899\u96d5\u6d82\u9e26\u5de5\u4f5c\u574a\uff1a\u4ece\u62c9\u65af\u79d1\u6d1e\u7a9f\u58c1\u753b\u5230\u73ed\u514b\u65af\uff08\u6cd5\u8bed) \u3002\u8499\u7d22\u7f57\u827a\u672f\u6e38\" \/>\n<meta property=\"og:url\" content=\"https:\/\/www.chateau-montsoreau.com\/wordpress\/zh\/\u53c2\u89c2\u5bfc\u89c8-\u6d3b\u52a8\/\" \/>\n<meta property=\"og:site_name\" content=\"Ch\u00e2teau de Montsoreau-Mus\u00e9e d&#039;Art Contemporain\" \/>\n<meta property=\"article:publisher\" content=\"https:\/\/www.facebook.com\/chateaudemontsoreau\/\" \/>\n<meta property=\"article:modified_time\" content=\"2020-02-19T13:23:38+00:00\" \/>\n<meta property=\"og:image\" content=\"http:\/\/www.chateau-montsoreau.com\/wordpress\/wp-content\/uploads\/2019\/02\/atelier-graffiti-chateau-de-montsoreau-musee-dart-contemporain-val-de-loire.jpg\" \/>\n<meta name=\"twitter:card\" content=\"summary_large_image\" \/>\n<meta name=\"twitter:site\" content=\"@Cmontsoreau\" \/>\n<script type=\"application\/ld+json\" class=\"yoast-schema-graph\">{\"@context\":\"https:\\\/\\\/schema.org\",\"@graph\":[{\"@type\":\"WebPage\",\"@id\":\"https:\\\/\\\/www.chateau-montsoreau.com\\\/wordpress\\\/zh\\\/%e5%8f%82%e8%a7%82%e5%af%bc%e8%a7%88-%e6%b4%bb%e5%8a%a8\\\/\",\"url\":\"https:\\\/\\\/www.chateau-montsoreau.com\\\/wordpress\\\/zh\\\/%e5%8f%82%e8%a7%82%e5%af%bc%e8%a7%88-%e6%b4%bb%e5%8a%a8\\\/\",\"name\":\"\u53c2\u89c2\u5bfc\u89c8\\\/\u6d3b\u52a8 | Ch\u00e2teau de Montsoreau-Mus\u00e9e d&#039;Art Contemporain\",\"isPartOf\":{\"@id\":\"https:\\\/\\\/www.chateau-montsoreau.com\\\/wordpress\\\/#website\"},\"primaryImageOfPage\":{\"@id\":\"https:\\\/\\\/www.chateau-montsoreau.com\\\/wordpress\\\/zh\\\/%e5%8f%82%e8%a7%82%e5%af%bc%e8%a7%88-%e6%b4%bb%e5%8a%a8\\\/#primaryimage\"},\"image\":{\"@id\":\"https:\\\/\\\/www.chateau-montsoreau.com\\\/wordpress\\\/zh\\\/%e5%8f%82%e8%a7%82%e5%af%bc%e8%a7%88-%e6%b4%bb%e5%8a%a8\\\/#primaryimage\"},\"thumbnailUrl\":\"http:\\\/\\\/www.chateau-montsoreau.com\\\/wordpress\\\/wp-content\\\/uploads\\\/2019\\\/02\\\/atelier-graffiti-chateau-de-montsoreau-musee-dart-contemporain-val-de-loire.jpg\",\"datePublished\":\"2019-09-19T08:29:02+00:00\",\"dateModified\":\"2020-02-19T13:23:38+00:00\",\"description\":\"\u4e2a\u4eba\u53c2\u89c2\u5bfc\u89c8\uff1a\u6bcf\u573a20\u4eba\u4e0a\u9650\u3002 \u5899\u96d5\u6d82\u9e26\u5de5\u4f5c\u574a\uff1a\u4ece\u62c9\u65af\u79d1\u6d1e\u7a9f\u58c1\u753b\u5230\u73ed\u514b\u65af\uff08\u6cd5\u8bed) \u3002\u8499\u7d22\u7f57\u827a\u672f\u6e38\",\"breadcrumb\":{\"@id\":\"https:\\\/\\\/www.chateau-montsoreau.com\\\/wordpress\\\/zh\\\/%e5%8f%82%e8%a7%82%e5%af%bc%e8%a7%88-%e6%b4%bb%e5%8a%a8\\\/#breadcrumb\"},\"inLanguage\":\"fr-FR\",\"potentialAction\":[{\"@type\":\"ReadAction\",\"target\":[\"https:\\\/\\\/www.chateau-montsoreau.com\\\/wordpress\\\/zh\\\/%e5%8f%82%e8%a7%82%e5%af%bc%e8%a7%88-%e6%b4%bb%e5%8a%a8\\\/\"]}]},{\"@type\":\"ImageObject\",\"inLanguage\":\"fr-FR\",\"@id\":\"https:\\\/\\\/www.chateau-montsoreau.com\\\/wordpress\\\/zh\\\/%e5%8f%82%e8%a7%82%e5%af%bc%e8%a7%88-%e6%b4%bb%e5%8a%a8\\\/#primaryimage\",\"url\":\"http:\\\/\\\/www.chateau-montsoreau.com\\\/wordpress\\\/wp-content\\\/uploads\\\/2019\\\/02\\\/atelier-graffiti-chateau-de-montsoreau-musee-dart-contemporain-val-de-loire.jpg\",\"contentUrl\":\"http:\\\/\\\/www.chateau-montsoreau.com\\\/wordpress\\\/wp-content\\\/uploads\\\/2019\\\/02\\\/atelier-graffiti-chateau-de-montsoreau-musee-dart-contemporain-val-de-loire.jpg\"},{\"@type\":\"BreadcrumbList\",\"@id\":\"https:\\\/\\\/www.chateau-montsoreau.com\\\/wordpress\\\/zh\\\/%e5%8f%82%e8%a7%82%e5%af%bc%e8%a7%88-%e6%b4%bb%e5%8a%a8\\\/#breadcrumb\",\"itemListElement\":[{\"@type\":\"ListItem\",\"position\":1,\"name\":\"Accueil\",\"item\":\"https:\\\/\\\/www.chateau-montsoreau.com\\\/wordpress\\\/fr\\\/\"},{\"@type\":\"ListItem\",\"position\":2,\"name\":\"\u53c2\u89c2\u5bfc\u89c8\\\/\u6d3b\u52a8\"}]},{\"@type\":\"WebSite\",\"@id\":\"https:\\\/\\\/www.chateau-montsoreau.com\\\/wordpress\\\/#website\",\"url\":\"https:\\\/\\\/www.chateau-montsoreau.com\\\/wordpress\\\/\",\"name\":\"Ch\u00e2teau de Montsoreau-Mus\u00e9e d&#039;Art Contemporain\",\"description\":\"Ch\u00e2teaux de la Loire Art Contemporain Art Conceptuel\",\"publisher\":{\"@id\":\"https:\\\/\\\/www.chateau-montsoreau.com\\\/wordpress\\\/#organization\"},\"potentialAction\":[{\"@type\":\"SearchAction\",\"target\":{\"@type\":\"EntryPoint\",\"urlTemplate\":\"https:\\\/\\\/www.chateau-montsoreau.com\\\/wordpress\\\/?s={search_term_string}\"},\"query-input\":{\"@type\":\"PropertyValueSpecification\",\"valueRequired\":true,\"valueName\":\"search_term_string\"}}],\"inLanguage\":\"fr-FR\"},{\"@type\":\"Organization\",\"@id\":\"https:\\\/\\\/www.chateau-montsoreau.com\\\/wordpress\\\/#organization\",\"name\":\"Ch\u00e2teau de Montsoreau - Mus\u00e9e d'art contemporain\",\"url\":\"https:\\\/\\\/www.chateau-montsoreau.com\\\/wordpress\\\/\",\"logo\":{\"@type\":\"ImageObject\",\"inLanguage\":\"fr-FR\",\"@id\":\"https:\\\/\\\/www.chateau-montsoreau.com\\\/wordpress\\\/#\\\/schema\\\/logo\\\/image\\\/\",\"url\":\"https:\\\/\\\/www.chateau-montsoreau.com\\\/wordpress\\\/wp-content\\\/uploads\\\/2016\\\/03\\\/Logo-Montsoreau-tout-petit-1.png\",\"contentUrl\":\"https:\\\/\\\/www.chateau-montsoreau.com\\\/wordpress\\\/wp-content\\\/uploads\\\/2016\\\/03\\\/Logo-Montsoreau-tout-petit-1.png\",\"width\":133,\"height\":133,\"caption\":\"Ch\u00e2teau de Montsoreau - Mus\u00e9e d'art contemporain\"},\"image\":{\"@id\":\"https:\\\/\\\/www.chateau-montsoreau.com\\\/wordpress\\\/#\\\/schema\\\/logo\\\/image\\\/\"},\"sameAs\":[\"https:\\\/\\\/www.facebook.com\\\/chateaudemontsoreau\\\/\",\"https:\\\/\\\/x.com\\\/Cmontsoreau\",\"https:\\\/\\\/www.instagram.com\\\/chateaudemontsoreau\\\/\",\"http:\\\/\\\/www.pinterest.com\\\/Cmontsoreau\"]}]}<\/script>\n<!-- \/ Yoast SEO plugin. -->","yoast_head_json":{"title":"\u53c2\u89c2\u5bfc\u89c8\/\u6d3b\u52a8 | Ch\u00e2teau de Montsoreau-Mus\u00e9e d&#039;Art Contemporain","description":"\u4e2a\u4eba\u53c2\u89c2\u5bfc\u89c8\uff1a\u6bcf\u573a20\u4eba\u4e0a\u9650\u3002 \u5899\u96d5\u6d82\u9e26\u5de5\u4f5c\u574a\uff1a\u4ece\u62c9\u65af\u79d1\u6d1e\u7a9f\u58c1\u753b\u5230\u73ed\u514b\u65af\uff08\u6cd5\u8bed) \u3002\u8499\u7d22\u7f57\u827a\u672f\u6e38","robots":{"index":"index","follow":"follow","max-snippet":"max-snippet:-1","max-image-preview":"max-image-preview:large","max-video-preview":"max-video-preview:-1"},"canonical":"https:\/\/www.chateau-montsoreau.com\/wordpress\/zh\/\u53c2\u89c2\u5bfc\u89c8-\u6d3b\u52a8\/","og_locale":"fr_FR","og_type":"article","og_title":"\u53c2\u89c2\u5bfc\u89c8\/\u6d3b\u52a8 | Ch\u00e2teau de Montsoreau-Mus\u00e9e d&#039;Art Contemporain","og_description":"\u4e2a\u4eba\u53c2\u89c2\u5bfc\u89c8\uff1a\u6bcf\u573a20\u4eba\u4e0a\u9650\u3002 \u5899\u96d5\u6d82\u9e26\u5de5\u4f5c\u574a\uff1a\u4ece\u62c9\u65af\u79d1\u6d1e\u7a9f\u58c1\u753b\u5230\u73ed\u514b\u65af\uff08\u6cd5\u8bed) \u3002\u8499\u7d22\u7f57\u827a\u672f\u6e38","og_url":"https:\/\/www.chateau-montsoreau.com\/wordpress\/zh\/\u53c2\u89c2\u5bfc\u89c8-\u6d3b\u52a8\/","og_site_name":"Ch\u00e2teau de Montsoreau-Mus\u00e9e d&#039;Art Contemporain","article_publisher":"https:\/\/www.facebook.com\/chateaudemontsoreau\/","article_modified_time":"2020-02-19T13:23:38+00:00","og_image":[{"url":"http:\/\/www.chateau-montsoreau.com\/wordpress\/wp-content\/uploads\/2019\/02\/atelier-graffiti-chateau-de-montsoreau-musee-dart-contemporain-val-de-loire.jpg","type":"","width":"","height":""}],"twitter_card":"summary_large_image","twitter_site":"@Cmontsoreau","schema":{"@context":"https:\/\/schema.org","@graph":[{"@type":"WebPage","@id":"https:\/\/www.chateau-montsoreau.com\/wordpress\/zh\/%e5%8f%82%e8%a7%82%e5%af%bc%e8%a7%88-%e6%b4%bb%e5%8a%a8\/","url":"https:\/\/www.chateau-montsoreau.com\/wordpress\/zh\/%e5%8f%82%e8%a7%82%e5%af%bc%e8%a7%88-%e6%b4%bb%e5%8a%a8\/","name":"\u53c2\u89c2\u5bfc\u89c8\/\u6d3b\u52a8 | Ch\u00e2teau de Montsoreau-Mus\u00e9e d&#039;Art Contemporain","isPartOf":{"@id":"https:\/\/www.chateau-montsoreau.com\/wordpress\/#website"},"primaryImageOfPage":{"@id":"https:\/\/www.chateau-montsoreau.com\/wordpress\/zh\/%e5%8f%82%e8%a7%82%e5%af%bc%e8%a7%88-%e6%b4%bb%e5%8a%a8\/#primaryimage"},"image":{"@id":"https:\/\/www.chateau-montsoreau.com\/wordpress\/zh\/%e5%8f%82%e8%a7%82%e5%af%bc%e8%a7%88-%e6%b4%bb%e5%8a%a8\/#primaryimage"},"thumbnailUrl":"http:\/\/www.chateau-montsoreau.com\/wordpress\/wp-content\/uploads\/2019\/02\/atelier-graffiti-chateau-de-montsoreau-musee-dart-contemporain-val-de-loire.jpg","datePublished":"2019-09-19T08:29:02+00:00","dateModified":"2020-02-19T13:23:38+00:00","description":"\u4e2a\u4eba\u53c2\u89c2\u5bfc\u89c8\uff1a\u6bcf\u573a20\u4eba\u4e0a\u9650\u3002 \u5899\u96d5\u6d82\u9e26\u5de5\u4f5c\u574a\uff1a\u4ece\u62c9\u65af\u79d1\u6d1e\u7a9f\u58c1\u753b\u5230\u73ed\u514b\u65af\uff08\u6cd5\u8bed) \u3002\u8499\u7d22\u7f57\u827a\u672f\u6e38","breadcrumb":{"@id":"https:\/\/www.chateau-montsoreau.com\/wordpress\/zh\/%e5%8f%82%e8%a7%82%e5%af%bc%e8%a7%88-%e6%b4%bb%e5%8a%a8\/#breadcrumb"},"inLanguage":"fr-FR","potentialAction":[{"@type":"ReadAction","target":["https:\/\/www.chateau-montsoreau.com\/wordpress\/zh\/%e5%8f%82%e8%a7%82%e5%af%bc%e8%a7%88-%e6%b4%bb%e5%8a%a8\/"]}]},{"@type":"ImageObject","inLanguage":"fr-FR","@id":"https:\/\/www.chateau-montsoreau.com\/wordpress\/zh\/%e5%8f%82%e8%a7%82%e5%af%bc%e8%a7%88-%e6%b4%bb%e5%8a%a8\/#primaryimage","url":"http:\/\/www.chateau-montsoreau.com\/wordpress\/wp-content\/uploads\/2019\/02\/atelier-graffiti-chateau-de-montsoreau-musee-dart-contemporain-val-de-loire.jpg","contentUrl":"http:\/\/www.chateau-montsoreau.com\/wordpress\/wp-content\/uploads\/2019\/02\/atelier-graffiti-chateau-de-montsoreau-musee-dart-contemporain-val-de-loire.jpg"},{"@type":"BreadcrumbList","@id":"https:\/\/www.chateau-montsoreau.com\/wordpress\/zh\/%e5%8f%82%e8%a7%82%e5%af%bc%e8%a7%88-%e6%b4%bb%e5%8a%a8\/#breadcrumb","itemListElement":[{"@type":"ListItem","position":1,"name":"Accueil","item":"https:\/\/www.chateau-montsoreau.com\/wordpress\/fr\/"},{"@type":"ListItem","position":2,"name":"\u53c2\u89c2\u5bfc\u89c8\/\u6d3b\u52a8"}]},{"@type":"WebSite","@id":"https:\/\/www.chateau-montsoreau.com\/wordpress\/#website","url":"https:\/\/www.chateau-montsoreau.com\/wordpress\/","name":"Ch\u00e2teau de Montsoreau-Mus\u00e9e d&#039;Art Contemporain","description":"Ch\u00e2teaux de la Loire Art Contemporain Art Conceptuel","publisher":{"@id":"https:\/\/www.chateau-montsoreau.com\/wordpress\/#organization"},"potentialAction":[{"@type":"SearchAction","target":{"@type":"EntryPoint","urlTemplate":"https:\/\/www.chateau-montsoreau.com\/wordpress\/?s={search_term_string}"},"query-input":{"@type":"PropertyValueSpecification","valueRequired":true,"valueName":"search_term_string"}}],"inLanguage":"fr-FR"},{"@type":"Organization","@id":"https:\/\/www.chateau-montsoreau.com\/wordpress\/#organization","name":"Ch\u00e2teau de Montsoreau - Mus\u00e9e d'art contemporain","url":"https:\/\/www.chateau-montsoreau.com\/wordpress\/","logo":{"@type":"ImageObject","inLanguage":"fr-FR","@id":"https:\/\/www.chateau-montsoreau.com\/wordpress\/#\/schema\/logo\/image\/","url":"https:\/\/www.chateau-montsoreau.com\/wordpress\/wp-content\/uploads\/2016\/03\/Logo-Montsoreau-tout-petit-1.png","contentUrl":"https:\/\/www.chateau-montsoreau.com\/wordpress\/wp-content\/uploads\/2016\/03\/Logo-Montsoreau-tout-petit-1.png","width":133,"height":133,"caption":"Ch\u00e2teau de Montsoreau - Mus\u00e9e d'art contemporain"},"image":{"@id":"https:\/\/www.chateau-montsoreau.com\/wordpress\/#\/schema\/logo\/image\/"},"sameAs":["https:\/\/www.facebook.com\/chateaudemontsoreau\/","https:\/\/x.com\/Cmontsoreau","https:\/\/www.instagram.com\/chateaudemontsoreau\/","http:\/\/www.pinterest.com\/Cmontsoreau"]}]}},"_links":{"self":[{"href":"https:\/\/www.chateau-montsoreau.com\/wordpress\/wp-json\/wp\/v2\/pages\/7073","targetHints":{"allow":["GET"]}}],"collection":[{"href":"https:\/\/www.chateau-montsoreau.com\/wordpress\/wp-json\/wp\/v2\/pages"}],"about":[{"href":"https:\/\/www.chateau-montsoreau.com\/wordpress\/wp-json\/wp\/v2\/types\/page"}],"author":[{"embeddable":true,"href":"https:\/\/www.chateau-montsoreau.com\/wordpress\/wp-json\/wp\/v2\/users\/5"}],"replies":[{"embeddable":true,"href":"https:\/\/www.chateau-montsoreau.com\/wordpress\/wp-json\/wp\/v2\/comments?post=7073"}],"version-history":[{"count":6,"href":"https:\/\/www.chateau-montsoreau.com\/wordpress\/wp-json\/wp\/v2\/pages\/7073\/revisions"}],"predecessor-version":[{"id":7969,"href":"https:\/\/www.chateau-montsoreau.com\/wordpress\/wp-json\/wp\/v2\/pages\/7073\/revisions\/7969"}],"wp:attachment":[{"href":"https:\/\/www.chateau-montsoreau.com\/wordpress\/wp-json\/wp\/v2\/media?parent=7073"}],"curies":[{"name":"wp","href":"https:\/\/api.w.org\/{rel}","templated":true}]}}