{"id":7486,"date":"2019-12-16T15:00:47","date_gmt":"2019-12-16T14:00:47","guid":{"rendered":"http:\/\/www.chateau-montsoreau.com\/wordpress\/?page_id=7486"},"modified":"2019-12-16T15:00:47","modified_gmt":"2019-12-16T14:00:47","slug":"100-castel-100-contemporan","status":"publish","type":"page","link":"https:\/\/www.chateau-montsoreau.com\/wordpress\/ro\/100-castel-100-contemporan\/","title":{"rendered":"100% Castel 100%  Contemporan"},"content":{"rendered":"<p>The Ch\u00e2teau of Montsoreau -Museum of contemporary art in 10 points<\/p>\n<ul>\n<li>The Ch\u00e2teau of Montsoreau-Museum of Contemporary Art is located in France, in the Loire Valley. At the crossroads of three major tourist regions, the region of the Loire countries, the region of the Central Loire Valley and the region of New Aquitaine. It is located in the department of Maine-et-Loire.<\/li>\n<li>The only Loire Castle built on the bed of the river, just at the point where the Vienne river flows into the Loire, its construction marks the beginning of the Renaissance in France.<\/li>\n<li>The Ch\u00e2teau of Montsoreau &#8211; Museum of Contemporary Art is a lively, radical and alternative place.<\/li>\n<li>A castle with the appearance of a sumptuous palace on the water, was completely renovated and turned into a museum of contemporary art in 2016 by Philippe M\u00e9aille, its founder.<\/li>\n<li>Its permanent collection represents the world&rsquo;s largest collection of works by Art &amp; Language (the Philippe M\u00e9aille Collection), a pioneering movement in Conceptual Art.<\/li>\n<li>Its unique collection and pioneering Renaissance architecture, both open to the future, make it a busy place, inscribed in the present and giving a new reality to see.<\/li>\n<li>The Ch\u00e2teau of Montsoreau &#8211; Museum of Contemporary Art is located two hours from Paris, in the Loire Valley, a World Heritage Site, and covers an area of over 2000 m2.<\/li>\n<li>Its avant-garde architecture, which is part of the landscape and the course of the Loire, has inspired artists such as Rodin, Turner, Rabelais, Flaubert and Alexandre Dumas over the centuries.<\/li>\n<li>Montsoreau Castle was built in 1450 by John II of Chambes, the first private councillor and chamberlain of the kings of France Charles VII and Louis XI.<\/li>\n<li>Its history is marked by many personalities such as Charles VII, Louis XI, Mary Stuart, Anne of Brittany, Claudius of France or Francis I.<\/li>\n<\/ul>\n","protected":false},"excerpt":{"rendered":"<p>The Ch\u00e2teau of Montsoreau -Museum of contemporary art in 10 points The Ch\u00e2teau of Montsoreau-Museum of Contemporary Art is located in France, in the Loire Valley. At the crossroads of three major tourist regions, the region of the Loire countries, the region of the Central Loire Valley and the region of New Aquitaine. It is [&hellip;]<\/p>\n","protected":false},"author":5,"featured_media":0,"parent":0,"menu_order":0,"comment_status":"closed","ping_status":"closed","template":"","meta":{"footnotes":""},"class_list":["post-7486","page","type-page","status-publish","hentry"],"yoast_head":"<!-- This site is optimized with the Yoast SEO plugin v27.3 - https:\/\/yoast.com\/product\/yoast-seo-wordpress\/ -->\n<title>100% Castel 100% Contemporan | Ch\u00e2teau de Montsoreau-Mus\u00e9e d&#039;Art Contemporain<\/title>\n<meta name=\"description\" content=\"Ch\u00e2teau de la Loire et Mus\u00e9e d&#039;Art Contemporain, le Ch\u00e2teau de Montsoreau a \u00e9t\u00e9 moderne et reste moderne. Un mus\u00e9e qui se vit comme un palais d\u00e9di\u00e9 \u00e0 l&#039;art contemporain.\" \/>\n<meta name=\"robots\" content=\"index, follow, max-snippet:-1, max-image-preview:large, max-video-preview:-1\" \/>\n<link rel=\"canonical\" href=\"https:\/\/www.chateau-montsoreau.com\/wordpress\/ro\/100-castel-100-contemporan\/\" \/>\n<meta property=\"og:locale\" content=\"fr_FR\" \/>\n<meta property=\"og:type\" content=\"article\" \/>\n<meta property=\"og:title\" content=\"100% Castel 100% Contemporan | Ch\u00e2teau de Montsoreau-Mus\u00e9e d&#039;Art Contemporain\" \/>\n<meta property=\"og:description\" content=\"Ch\u00e2teau de la Loire et Mus\u00e9e d&#039;Art Contemporain, le Ch\u00e2teau de Montsoreau a \u00e9t\u00e9 moderne et reste moderne. Un mus\u00e9e qui se vit comme un palais d\u00e9di\u00e9 \u00e0 l&#039;art contemporain.\" \/>\n<meta property=\"og:url\" content=\"https:\/\/www.chateau-montsoreau.com\/wordpress\/ro\/100-castel-100-contemporan\/\" \/>\n<meta property=\"og:site_name\" content=\"Ch\u00e2teau de Montsoreau-Mus\u00e9e d&#039;Art Contemporain\" \/>\n<meta property=\"article:publisher\" content=\"https:\/\/www.facebook.com\/chateaudemontsoreau\/\" \/>\n<meta name=\"twitter:card\" content=\"summary_large_image\" \/>\n<meta name=\"twitter:site\" content=\"@Cmontsoreau\" \/>\n<meta name=\"twitter:label1\" content=\"Dur\u00e9e de lecture estim\u00e9e\" \/>\n\t<meta name=\"twitter:data1\" content=\"2 minutes\" \/>\n<script type=\"application\/ld+json\" class=\"yoast-schema-graph\">{\"@context\":\"https:\\\/\\\/schema.org\",\"@graph\":[{\"@type\":\"WebPage\",\"@id\":\"https:\\\/\\\/www.chateau-montsoreau.com\\\/wordpress\\\/ro\\\/100-castel-100-contemporan\\\/\",\"url\":\"https:\\\/\\\/www.chateau-montsoreau.com\\\/wordpress\\\/ro\\\/100-castel-100-contemporan\\\/\",\"name\":\"100% Castel 100% Contemporan | Ch\u00e2teau de Montsoreau-Mus\u00e9e d&#039;Art Contemporain\",\"isPartOf\":{\"@id\":\"https:\\\/\\\/www.chateau-montsoreau.com\\\/wordpress\\\/#website\"},\"datePublished\":\"2019-12-16T14:00:47+00:00\",\"description\":\"Ch\u00e2teau de la Loire et Mus\u00e9e d'Art Contemporain, le Ch\u00e2teau de Montsoreau a \u00e9t\u00e9 moderne et reste moderne. Un mus\u00e9e qui se vit comme un palais d\u00e9di\u00e9 \u00e0 l'art contemporain.\",\"breadcrumb\":{\"@id\":\"https:\\\/\\\/www.chateau-montsoreau.com\\\/wordpress\\\/ro\\\/100-castel-100-contemporan\\\/#breadcrumb\"},\"inLanguage\":\"fr-FR\",\"potentialAction\":[{\"@type\":\"ReadAction\",\"target\":[\"https:\\\/\\\/www.chateau-montsoreau.com\\\/wordpress\\\/ro\\\/100-castel-100-contemporan\\\/\"]}]},{\"@type\":\"BreadcrumbList\",\"@id\":\"https:\\\/\\\/www.chateau-montsoreau.com\\\/wordpress\\\/ro\\\/100-castel-100-contemporan\\\/#breadcrumb\",\"itemListElement\":[{\"@type\":\"ListItem\",\"position\":1,\"name\":\"Accueil\",\"item\":\"https:\\\/\\\/www.chateau-montsoreau.com\\\/wordpress\\\/fr\\\/\"},{\"@type\":\"ListItem\",\"position\":2,\"name\":\"100% Castel 100% Contemporan\"}]},{\"@type\":\"WebSite\",\"@id\":\"https:\\\/\\\/www.chateau-montsoreau.com\\\/wordpress\\\/#website\",\"url\":\"https:\\\/\\\/www.chateau-montsoreau.com\\\/wordpress\\\/\",\"name\":\"Ch\u00e2teau de Montsoreau-Mus\u00e9e d&#039;Art Contemporain\",\"description\":\"Ch\u00e2teaux de la Loire Art Contemporain Art Conceptuel\",\"publisher\":{\"@id\":\"https:\\\/\\\/www.chateau-montsoreau.com\\\/wordpress\\\/#organization\"},\"potentialAction\":[{\"@type\":\"SearchAction\",\"target\":{\"@type\":\"EntryPoint\",\"urlTemplate\":\"https:\\\/\\\/www.chateau-montsoreau.com\\\/wordpress\\\/?s={search_term_string}\"},\"query-input\":{\"@type\":\"PropertyValueSpecification\",\"valueRequired\":true,\"valueName\":\"search_term_string\"}}],\"inLanguage\":\"fr-FR\"},{\"@type\":\"Organization\",\"@id\":\"https:\\\/\\\/www.chateau-montsoreau.com\\\/wordpress\\\/#organization\",\"name\":\"Ch\u00e2teau de Montsoreau - Mus\u00e9e d'art contemporain\",\"url\":\"https:\\\/\\\/www.chateau-montsoreau.com\\\/wordpress\\\/\",\"logo\":{\"@type\":\"ImageObject\",\"inLanguage\":\"fr-FR\",\"@id\":\"https:\\\/\\\/www.chateau-montsoreau.com\\\/wordpress\\\/#\\\/schema\\\/logo\\\/image\\\/\",\"url\":\"https:\\\/\\\/www.chateau-montsoreau.com\\\/wordpress\\\/wp-content\\\/uploads\\\/2016\\\/03\\\/Logo-Montsoreau-tout-petit-1.png\",\"contentUrl\":\"https:\\\/\\\/www.chateau-montsoreau.com\\\/wordpress\\\/wp-content\\\/uploads\\\/2016\\\/03\\\/Logo-Montsoreau-tout-petit-1.png\",\"width\":133,\"height\":133,\"caption\":\"Ch\u00e2teau de Montsoreau - Mus\u00e9e d'art contemporain\"},\"image\":{\"@id\":\"https:\\\/\\\/www.chateau-montsoreau.com\\\/wordpress\\\/#\\\/schema\\\/logo\\\/image\\\/\"},\"sameAs\":[\"https:\\\/\\\/www.facebook.com\\\/chateaudemontsoreau\\\/\",\"https:\\\/\\\/x.com\\\/Cmontsoreau\",\"https:\\\/\\\/www.instagram.com\\\/chateaudemontsoreau\\\/\",\"http:\\\/\\\/www.pinterest.com\\\/Cmontsoreau\"]}]}<\/script>\n<!-- \/ Yoast SEO plugin. -->","yoast_head_json":{"title":"100% Castel 100% Contemporan | Ch\u00e2teau de Montsoreau-Mus\u00e9e d&#039;Art Contemporain","description":"Ch\u00e2teau de la Loire et Mus\u00e9e d'Art Contemporain, le Ch\u00e2teau de Montsoreau a \u00e9t\u00e9 moderne et reste moderne. Un mus\u00e9e qui se vit comme un palais d\u00e9di\u00e9 \u00e0 l'art contemporain.","robots":{"index":"index","follow":"follow","max-snippet":"max-snippet:-1","max-image-preview":"max-image-preview:large","max-video-preview":"max-video-preview:-1"},"canonical":"https:\/\/www.chateau-montsoreau.com\/wordpress\/ro\/100-castel-100-contemporan\/","og_locale":"fr_FR","og_type":"article","og_title":"100% Castel 100% Contemporan | Ch\u00e2teau de Montsoreau-Mus\u00e9e d&#039;Art Contemporain","og_description":"Ch\u00e2teau de la Loire et Mus\u00e9e d'Art Contemporain, le Ch\u00e2teau de Montsoreau a \u00e9t\u00e9 moderne et reste moderne. Un mus\u00e9e qui se vit comme un palais d\u00e9di\u00e9 \u00e0 l'art contemporain.","og_url":"https:\/\/www.chateau-montsoreau.com\/wordpress\/ro\/100-castel-100-contemporan\/","og_site_name":"Ch\u00e2teau de Montsoreau-Mus\u00e9e d&#039;Art Contemporain","article_publisher":"https:\/\/www.facebook.com\/chateaudemontsoreau\/","twitter_card":"summary_large_image","twitter_site":"@Cmontsoreau","twitter_misc":{"Dur\u00e9e de lecture estim\u00e9e":"2 minutes"},"schema":{"@context":"https:\/\/schema.org","@graph":[{"@type":"WebPage","@id":"https:\/\/www.chateau-montsoreau.com\/wordpress\/ro\/100-castel-100-contemporan\/","url":"https:\/\/www.chateau-montsoreau.com\/wordpress\/ro\/100-castel-100-contemporan\/","name":"100% Castel 100% Contemporan | Ch\u00e2teau de Montsoreau-Mus\u00e9e d&#039;Art Contemporain","isPartOf":{"@id":"https:\/\/www.chateau-montsoreau.com\/wordpress\/#website"},"datePublished":"2019-12-16T14:00:47+00:00","description":"Ch\u00e2teau de la Loire et Mus\u00e9e d'Art Contemporain, le Ch\u00e2teau de Montsoreau a \u00e9t\u00e9 moderne et reste moderne. Un mus\u00e9e qui se vit comme un palais d\u00e9di\u00e9 \u00e0 l'art contemporain.","breadcrumb":{"@id":"https:\/\/www.chateau-montsoreau.com\/wordpress\/ro\/100-castel-100-contemporan\/#breadcrumb"},"inLanguage":"fr-FR","potentialAction":[{"@type":"ReadAction","target":["https:\/\/www.chateau-montsoreau.com\/wordpress\/ro\/100-castel-100-contemporan\/"]}]},{"@type":"BreadcrumbList","@id":"https:\/\/www.chateau-montsoreau.com\/wordpress\/ro\/100-castel-100-contemporan\/#breadcrumb","itemListElement":[{"@type":"ListItem","position":1,"name":"Accueil","item":"https:\/\/www.chateau-montsoreau.com\/wordpress\/fr\/"},{"@type":"ListItem","position":2,"name":"100% Castel 100% Contemporan"}]},{"@type":"WebSite","@id":"https:\/\/www.chateau-montsoreau.com\/wordpress\/#website","url":"https:\/\/www.chateau-montsoreau.com\/wordpress\/","name":"Ch\u00e2teau de Montsoreau-Mus\u00e9e d&#039;Art Contemporain","description":"Ch\u00e2teaux de la Loire Art Contemporain Art Conceptuel","publisher":{"@id":"https:\/\/www.chateau-montsoreau.com\/wordpress\/#organization"},"potentialAction":[{"@type":"SearchAction","target":{"@type":"EntryPoint","urlTemplate":"https:\/\/www.chateau-montsoreau.com\/wordpress\/?s={search_term_string}"},"query-input":{"@type":"PropertyValueSpecification","valueRequired":true,"valueName":"search_term_string"}}],"inLanguage":"fr-FR"},{"@type":"Organization","@id":"https:\/\/www.chateau-montsoreau.com\/wordpress\/#organization","name":"Ch\u00e2teau de Montsoreau - Mus\u00e9e d'art contemporain","url":"https:\/\/www.chateau-montsoreau.com\/wordpress\/","logo":{"@type":"ImageObject","inLanguage":"fr-FR","@id":"https:\/\/www.chateau-montsoreau.com\/wordpress\/#\/schema\/logo\/image\/","url":"https:\/\/www.chateau-montsoreau.com\/wordpress\/wp-content\/uploads\/2016\/03\/Logo-Montsoreau-tout-petit-1.png","contentUrl":"https:\/\/www.chateau-montsoreau.com\/wordpress\/wp-content\/uploads\/2016\/03\/Logo-Montsoreau-tout-petit-1.png","width":133,"height":133,"caption":"Ch\u00e2teau de Montsoreau - Mus\u00e9e d'art contemporain"},"image":{"@id":"https:\/\/www.chateau-montsoreau.com\/wordpress\/#\/schema\/logo\/image\/"},"sameAs":["https:\/\/www.facebook.com\/chateaudemontsoreau\/","https:\/\/x.com\/Cmontsoreau","https:\/\/www.instagram.com\/chateaudemontsoreau\/","http:\/\/www.pinterest.com\/Cmontsoreau"]}]}},"_links":{"self":[{"href":"https:\/\/www.chateau-montsoreau.com\/wordpress\/wp-json\/wp\/v2\/pages\/7486","targetHints":{"allow":["GET"]}}],"collection":[{"href":"https:\/\/www.chateau-montsoreau.com\/wordpress\/wp-json\/wp\/v2\/pages"}],"about":[{"href":"https:\/\/www.chateau-montsoreau.com\/wordpress\/wp-json\/wp\/v2\/types\/page"}],"author":[{"embeddable":true,"href":"https:\/\/www.chateau-montsoreau.com\/wordpress\/wp-json\/wp\/v2\/users\/5"}],"replies":[{"embeddable":true,"href":"https:\/\/www.chateau-montsoreau.com\/wordpress\/wp-json\/wp\/v2\/comments?post=7486"}],"version-history":[{"count":1,"href":"https:\/\/www.chateau-montsoreau.com\/wordpress\/wp-json\/wp\/v2\/pages\/7486\/revisions"}],"predecessor-version":[{"id":7487,"href":"https:\/\/www.chateau-montsoreau.com\/wordpress\/wp-json\/wp\/v2\/pages\/7486\/revisions\/7487"}],"wp:attachment":[{"href":"https:\/\/www.chateau-montsoreau.com\/wordpress\/wp-json\/wp\/v2\/media?parent=7486"}],"curies":[{"name":"wp","href":"https:\/\/api.w.org\/{rel}","templated":true}]}}