{"id":7979,"date":"2020-02-25T14:15:50","date_gmt":"2020-02-25T13:15:50","guid":{"rendered":"https:\/\/www.chateau-montsoreau.com\/wordpress\/?page_id=7979"},"modified":"2024-10-09T11:14:02","modified_gmt":"2024-10-09T10:14:02","slug":"7979-2","status":"publish","type":"page","link":"https:\/\/www.chateau-montsoreau.com\/wordpress\/fr\/7979-2\/","title":{"rendered":"Notre engagement pour le d\u00e9veloppement durable"},"content":{"rendered":"\n<p><strong>Economies d\u2019\u00e9nergies, mobilit\u00e9 durable, \u00e9conomies de ressources et r\u00e9duction des d\u00e9chets, pr\u00e9servation de la biodiversit\u00e9<\/strong>,<strong> le Ch\u00e2teau de Montsoreau &#8211; Mus\u00e9e d&rsquo;art contemporain oeuvre au quotidien pour le d\u00e9veloppement durable.<\/strong><\/p>\n\n\n\n<h3 class=\"wp-block-heading\">Des jardins vertueux<\/h3>\n\n\n\n<p>Au c\u0153ur du Parc Naturel R\u00e9gional Loire-Anjou-Touraine et dans une Zone Bois\u00e9e Class\u00e9e, les jardins du Ch\u00e2teau de Montsoreau &#8211; Mus\u00e9e d&rsquo;art contemporain sont con\u00e7us comme un sanctuaire favorisant la biodiversit\u00e9. En 2017, en Hommage \u00e0 Miriam Rothschild, les jardins sont convertis en jardins sauvages. D\u00e9laissant la technique, la chimie et l\u2019interventionnisme, ils privil\u00e9gient la sociabilit\u00e9 des plantes indig\u00e8nes et pr\u00e9servent la faune environnante pour proposer un nouvel \u00e9quilibre entre la faune et la flore. L&rsquo;entretien des jardins et des espaces verts, d&rsquo;une superficie de 1 hectare, est enti\u00e8rement r\u00e9alis\u00e9 manuellement, sans utilisation de produits chimiques. <\/p>\n\n\n\n<h3 class=\"wp-block-heading\">Favoriser l&rsquo;\u00e9cotourisme<\/h3>\n\n\n\n<p>Construit dans le lit de la Loire, le Ch\u00e2teau de Montsoreau a b\u00e2ti son histoire et sa prosp\u00e9rit\u00e9 dans le respect du paysage environnant. <br>Dans une volont\u00e9 d\u2019encourager l&rsquo;\u00e9cotourisme et les modes de d\u00e9placement non polluants, en 2017, le Ch\u00e2teau de Montsoreau &#8211; Mus\u00e9e d\u2019art contemporain a am\u00e9nag\u00e9 et rouvert le port historique du ch\u00e2teau, abandonn\u00e9 depuis 500 ans. Des navettes fluviales entre Saumur et Montsoreau, en partenariat avec les <a href=\"https:\/\/www.croisieressaumurloire.fr\/groupes-pro\/les-navettes-fluviales\/saumur-montsoreau\">Croisi\u00e8res Saumur Loire<\/a>, sont d\u00e9sormais propos\u00e9es aux visiteurs. <\/p>\n\n\n\n<h3 class=\"wp-block-heading\">Une \u00e9co-communication <\/h3>\n\n\n\n<p>Pour r\u00e9duire son empreinte environnementale, le Ch\u00e2teau de Montsoreau &#8211; Mus\u00e9e d&rsquo;art contemporain a fait le choix de limiter sa communication papier en faveur d&rsquo;une strat\u00e9gie digitale :<\/p>\n\n\n\n<ul class=\"wp-block-list\">\n<li>limiter l&rsquo;impression des e-mails.<\/li>\n\n\n\n<li>impressions sur papier 100 % recycl\u00e9.<\/li>\n\n\n\n<li>r\u00e9cup\u00e9ration et r\u00e9utilisation des d\u00e9pliants promotionnels non ab\u00eem\u00e9s.<\/li>\n\n\n\n<li>sacs en papier recycl\u00e9 pour la librairie du mus\u00e9e.<\/li>\n<\/ul>\n\n\n\n<h3 class=\"wp-block-heading\">Un engagement p\u00e9renne<\/h3>\n\n\n\n<p>Un important chantier de restauration a pr\u00e9c\u00e9d\u00e9 l&rsquo;ouverture du Ch\u00e2teau de Montsoreau &#8211; Mus\u00e9e d&rsquo;art contemporain. R\u00e9alis\u00e9s sous la direction de Dominique Latron, Architecte en chef des b\u00e2timents de France, les interventions ont pris en compte la donn\u00e9e environnementale dans ses diff\u00e9rents aspects : <\/p>\n\n\n\n<ul class=\"wp-block-list\">\n<li>remplacement de l&rsquo;\u00e9clairage existant par un syst\u00e8me d&rsquo;\u00e9clairage LED, utilisant moins d&rsquo;\u00e9nergie et respectueux de l&rsquo;environnement. <\/li>\n\n\n\n<li>utilisation d&rsquo;enduits \u00e0 la chaux afin d&rsquo;optimiser l&rsquo;hygrom\u00e9trie du b\u00e2timent. <\/li>\n\n\n\n<li>isolation des fen\u00eatres et des combles. <\/li>\n\n\n\n<li>suppression du syst\u00e8me de chauffage \/ refroidissement afin de r\u00e9tablir l&rsquo;auto-r\u00e9gulation thermique du b\u00e2timent. <\/li>\n<\/ul>\n\n\n\n<p>Dans l&rsquo;exercice de son activit\u00e9 mus\u00e9ographique, le Ch\u00e2teau de Montsoreau &#8211; Mus\u00e9e d&rsquo;art contemporain oeuvre au recyclage et \u00e0 la r\u00e9utilisation  des d\u00e9chets li\u00e9s aux expositions temporaires.<br>Des campagnes de sensibilisation \u00e0 destination des visiteurs sont \u00e9galement men\u00e9es afin de les encourager \u00e0 l&rsquo;\u00e9conomie de l&rsquo;eau. <\/p>\n","protected":false},"excerpt":{"rendered":"<p>Economies d\u2019\u00e9nergies, mobilit\u00e9 durable, \u00e9conomies de ressources et r\u00e9duction des d\u00e9chets, pr\u00e9servation de la biodiversit\u00e9, le Ch\u00e2teau de Montsoreau &#8211; Mus\u00e9e d&rsquo;art contemporain oeuvre au quotidien pour le d\u00e9veloppement durable. Des jardins vertueux Au c\u0153ur du Parc Naturel R\u00e9gional Loire-Anjou-Touraine et dans une Zone Bois\u00e9e Class\u00e9e, les jardins du Ch\u00e2teau de Montsoreau &#8211; Mus\u00e9e d&rsquo;art [&hellip;]<\/p>\n","protected":false},"author":5,"featured_media":0,"parent":0,"menu_order":0,"comment_status":"closed","ping_status":"closed","template":"","meta":{"footnotes":""},"class_list":["post-7979","page","type-page","status-publish","hentry"],"yoast_head":"<!-- This site is optimized with the Yoast SEO plugin v27.3 - https:\/\/yoast.com\/product\/yoast-seo-wordpress\/ -->\n<title>Notre engagement pour le d\u00e9veloppement durable | Ch\u00e2teau de Montsoreau-Mus\u00e9e d&#039;Art Contemporain<\/title>\n<meta name=\"description\" content=\"L&#039;engagement du Ch\u00e2teau de Montsoreau - Mus\u00e9e d&#039;art contemporain pour le d\u00e9veloppement durable se d\u00e9ploie de mani\u00e8re transversale : mus\u00e9ographie, exploitation...\" \/>\n<meta name=\"robots\" content=\"index, follow, max-snippet:-1, max-image-preview:large, max-video-preview:-1\" \/>\n<link rel=\"canonical\" href=\"https:\/\/www.chateau-montsoreau.com\/wordpress\/fr\/7979-2\/\" \/>\n<meta property=\"og:locale\" content=\"fr_FR\" \/>\n<meta property=\"og:type\" content=\"article\" \/>\n<meta property=\"og:title\" content=\"Notre engagement pour le d\u00e9veloppement durable | Ch\u00e2teau de Montsoreau-Mus\u00e9e d&#039;Art Contemporain\" \/>\n<meta property=\"og:description\" content=\"L&#039;engagement du Ch\u00e2teau de Montsoreau - Mus\u00e9e d&#039;art contemporain pour le d\u00e9veloppement durable se d\u00e9ploie de mani\u00e8re transversale : mus\u00e9ographie, exploitation...\" \/>\n<meta property=\"og:url\" content=\"https:\/\/www.chateau-montsoreau.com\/wordpress\/fr\/7979-2\/\" \/>\n<meta property=\"og:site_name\" content=\"Ch\u00e2teau de Montsoreau-Mus\u00e9e d&#039;Art Contemporain\" \/>\n<meta property=\"article:publisher\" content=\"https:\/\/www.facebook.com\/chateaudemontsoreau\/\" \/>\n<meta property=\"article:modified_time\" content=\"2024-10-09T10:14:02+00:00\" \/>\n<meta name=\"twitter:card\" content=\"summary_large_image\" \/>\n<meta name=\"twitter:site\" content=\"@Cmontsoreau\" \/>\n<meta name=\"twitter:label1\" content=\"Dur\u00e9e de lecture estim\u00e9e\" \/>\n\t<meta name=\"twitter:data1\" content=\"2 minutes\" \/>\n<script type=\"application\/ld+json\" class=\"yoast-schema-graph\">{\"@context\":\"https:\\\/\\\/schema.org\",\"@graph\":[{\"@type\":\"WebPage\",\"@id\":\"https:\\\/\\\/www.chateau-montsoreau.com\\\/wordpress\\\/fr\\\/7979-2\\\/\",\"url\":\"https:\\\/\\\/www.chateau-montsoreau.com\\\/wordpress\\\/fr\\\/7979-2\\\/\",\"name\":\"Notre engagement pour le d\u00e9veloppement durable | Ch\u00e2teau de Montsoreau-Mus\u00e9e d&#039;Art Contemporain\",\"isPartOf\":{\"@id\":\"https:\\\/\\\/www.chateau-montsoreau.com\\\/wordpress\\\/#website\"},\"datePublished\":\"2020-02-25T13:15:50+00:00\",\"dateModified\":\"2024-10-09T10:14:02+00:00\",\"description\":\"L'engagement du Ch\u00e2teau de Montsoreau - Mus\u00e9e d'art contemporain pour le d\u00e9veloppement durable se d\u00e9ploie de mani\u00e8re transversale : mus\u00e9ographie, exploitation...\",\"breadcrumb\":{\"@id\":\"https:\\\/\\\/www.chateau-montsoreau.com\\\/wordpress\\\/fr\\\/7979-2\\\/#breadcrumb\"},\"inLanguage\":\"fr-FR\",\"potentialAction\":[{\"@type\":\"ReadAction\",\"target\":[\"https:\\\/\\\/www.chateau-montsoreau.com\\\/wordpress\\\/fr\\\/7979-2\\\/\"]}]},{\"@type\":\"BreadcrumbList\",\"@id\":\"https:\\\/\\\/www.chateau-montsoreau.com\\\/wordpress\\\/fr\\\/7979-2\\\/#breadcrumb\",\"itemListElement\":[{\"@type\":\"ListItem\",\"position\":1,\"name\":\"Accueil\",\"item\":\"https:\\\/\\\/www.chateau-montsoreau.com\\\/wordpress\\\/fr\\\/\"},{\"@type\":\"ListItem\",\"position\":2,\"name\":\"Notre engagement pour le d\u00e9veloppement durable\"}]},{\"@type\":\"WebSite\",\"@id\":\"https:\\\/\\\/www.chateau-montsoreau.com\\\/wordpress\\\/#website\",\"url\":\"https:\\\/\\\/www.chateau-montsoreau.com\\\/wordpress\\\/\",\"name\":\"Ch\u00e2teau de Montsoreau-Mus\u00e9e d&#039;Art Contemporain\",\"description\":\"Ch\u00e2teaux de la Loire Art Contemporain Art Conceptuel\",\"publisher\":{\"@id\":\"https:\\\/\\\/www.chateau-montsoreau.com\\\/wordpress\\\/#organization\"},\"potentialAction\":[{\"@type\":\"SearchAction\",\"target\":{\"@type\":\"EntryPoint\",\"urlTemplate\":\"https:\\\/\\\/www.chateau-montsoreau.com\\\/wordpress\\\/?s={search_term_string}\"},\"query-input\":{\"@type\":\"PropertyValueSpecification\",\"valueRequired\":true,\"valueName\":\"search_term_string\"}}],\"inLanguage\":\"fr-FR\"},{\"@type\":\"Organization\",\"@id\":\"https:\\\/\\\/www.chateau-montsoreau.com\\\/wordpress\\\/#organization\",\"name\":\"Ch\u00e2teau de Montsoreau - Mus\u00e9e d'art contemporain\",\"url\":\"https:\\\/\\\/www.chateau-montsoreau.com\\\/wordpress\\\/\",\"logo\":{\"@type\":\"ImageObject\",\"inLanguage\":\"fr-FR\",\"@id\":\"https:\\\/\\\/www.chateau-montsoreau.com\\\/wordpress\\\/#\\\/schema\\\/logo\\\/image\\\/\",\"url\":\"https:\\\/\\\/www.chateau-montsoreau.com\\\/wordpress\\\/wp-content\\\/uploads\\\/2016\\\/03\\\/Logo-Montsoreau-tout-petit-1.png\",\"contentUrl\":\"https:\\\/\\\/www.chateau-montsoreau.com\\\/wordpress\\\/wp-content\\\/uploads\\\/2016\\\/03\\\/Logo-Montsoreau-tout-petit-1.png\",\"width\":133,\"height\":133,\"caption\":\"Ch\u00e2teau de Montsoreau - Mus\u00e9e d'art contemporain\"},\"image\":{\"@id\":\"https:\\\/\\\/www.chateau-montsoreau.com\\\/wordpress\\\/#\\\/schema\\\/logo\\\/image\\\/\"},\"sameAs\":[\"https:\\\/\\\/www.facebook.com\\\/chateaudemontsoreau\\\/\",\"https:\\\/\\\/x.com\\\/Cmontsoreau\",\"https:\\\/\\\/www.instagram.com\\\/chateaudemontsoreau\\\/\",\"http:\\\/\\\/www.pinterest.com\\\/Cmontsoreau\"]}]}<\/script>\n<!-- \/ Yoast SEO plugin. -->","yoast_head_json":{"title":"Notre engagement pour le d\u00e9veloppement durable | Ch\u00e2teau de Montsoreau-Mus\u00e9e d&#039;Art Contemporain","description":"L'engagement du Ch\u00e2teau de Montsoreau - Mus\u00e9e d'art contemporain pour le d\u00e9veloppement durable se d\u00e9ploie de mani\u00e8re transversale : mus\u00e9ographie, exploitation...","robots":{"index":"index","follow":"follow","max-snippet":"max-snippet:-1","max-image-preview":"max-image-preview:large","max-video-preview":"max-video-preview:-1"},"canonical":"https:\/\/www.chateau-montsoreau.com\/wordpress\/fr\/7979-2\/","og_locale":"fr_FR","og_type":"article","og_title":"Notre engagement pour le d\u00e9veloppement durable | Ch\u00e2teau de Montsoreau-Mus\u00e9e d&#039;Art Contemporain","og_description":"L'engagement du Ch\u00e2teau de Montsoreau - Mus\u00e9e d'art contemporain pour le d\u00e9veloppement durable se d\u00e9ploie de mani\u00e8re transversale : mus\u00e9ographie, exploitation...","og_url":"https:\/\/www.chateau-montsoreau.com\/wordpress\/fr\/7979-2\/","og_site_name":"Ch\u00e2teau de Montsoreau-Mus\u00e9e d&#039;Art Contemporain","article_publisher":"https:\/\/www.facebook.com\/chateaudemontsoreau\/","article_modified_time":"2024-10-09T10:14:02+00:00","twitter_card":"summary_large_image","twitter_site":"@Cmontsoreau","twitter_misc":{"Dur\u00e9e de lecture estim\u00e9e":"2 minutes"},"schema":{"@context":"https:\/\/schema.org","@graph":[{"@type":"WebPage","@id":"https:\/\/www.chateau-montsoreau.com\/wordpress\/fr\/7979-2\/","url":"https:\/\/www.chateau-montsoreau.com\/wordpress\/fr\/7979-2\/","name":"Notre engagement pour le d\u00e9veloppement durable | Ch\u00e2teau de Montsoreau-Mus\u00e9e d&#039;Art Contemporain","isPartOf":{"@id":"https:\/\/www.chateau-montsoreau.com\/wordpress\/#website"},"datePublished":"2020-02-25T13:15:50+00:00","dateModified":"2024-10-09T10:14:02+00:00","description":"L'engagement du Ch\u00e2teau de Montsoreau - Mus\u00e9e d'art contemporain pour le d\u00e9veloppement durable se d\u00e9ploie de mani\u00e8re transversale : mus\u00e9ographie, exploitation...","breadcrumb":{"@id":"https:\/\/www.chateau-montsoreau.com\/wordpress\/fr\/7979-2\/#breadcrumb"},"inLanguage":"fr-FR","potentialAction":[{"@type":"ReadAction","target":["https:\/\/www.chateau-montsoreau.com\/wordpress\/fr\/7979-2\/"]}]},{"@type":"BreadcrumbList","@id":"https:\/\/www.chateau-montsoreau.com\/wordpress\/fr\/7979-2\/#breadcrumb","itemListElement":[{"@type":"ListItem","position":1,"name":"Accueil","item":"https:\/\/www.chateau-montsoreau.com\/wordpress\/fr\/"},{"@type":"ListItem","position":2,"name":"Notre engagement pour le d\u00e9veloppement durable"}]},{"@type":"WebSite","@id":"https:\/\/www.chateau-montsoreau.com\/wordpress\/#website","url":"https:\/\/www.chateau-montsoreau.com\/wordpress\/","name":"Ch\u00e2teau de Montsoreau-Mus\u00e9e d&#039;Art Contemporain","description":"Ch\u00e2teaux de la Loire Art Contemporain Art Conceptuel","publisher":{"@id":"https:\/\/www.chateau-montsoreau.com\/wordpress\/#organization"},"potentialAction":[{"@type":"SearchAction","target":{"@type":"EntryPoint","urlTemplate":"https:\/\/www.chateau-montsoreau.com\/wordpress\/?s={search_term_string}"},"query-input":{"@type":"PropertyValueSpecification","valueRequired":true,"valueName":"search_term_string"}}],"inLanguage":"fr-FR"},{"@type":"Organization","@id":"https:\/\/www.chateau-montsoreau.com\/wordpress\/#organization","name":"Ch\u00e2teau de Montsoreau - Mus\u00e9e d'art contemporain","url":"https:\/\/www.chateau-montsoreau.com\/wordpress\/","logo":{"@type":"ImageObject","inLanguage":"fr-FR","@id":"https:\/\/www.chateau-montsoreau.com\/wordpress\/#\/schema\/logo\/image\/","url":"https:\/\/www.chateau-montsoreau.com\/wordpress\/wp-content\/uploads\/2016\/03\/Logo-Montsoreau-tout-petit-1.png","contentUrl":"https:\/\/www.chateau-montsoreau.com\/wordpress\/wp-content\/uploads\/2016\/03\/Logo-Montsoreau-tout-petit-1.png","width":133,"height":133,"caption":"Ch\u00e2teau de Montsoreau - Mus\u00e9e d'art contemporain"},"image":{"@id":"https:\/\/www.chateau-montsoreau.com\/wordpress\/#\/schema\/logo\/image\/"},"sameAs":["https:\/\/www.facebook.com\/chateaudemontsoreau\/","https:\/\/x.com\/Cmontsoreau","https:\/\/www.instagram.com\/chateaudemontsoreau\/","http:\/\/www.pinterest.com\/Cmontsoreau"]}]}},"_links":{"self":[{"href":"https:\/\/www.chateau-montsoreau.com\/wordpress\/wp-json\/wp\/v2\/pages\/7979","targetHints":{"allow":["GET"]}}],"collection":[{"href":"https:\/\/www.chateau-montsoreau.com\/wordpress\/wp-json\/wp\/v2\/pages"}],"about":[{"href":"https:\/\/www.chateau-montsoreau.com\/wordpress\/wp-json\/wp\/v2\/types\/page"}],"author":[{"embeddable":true,"href":"https:\/\/www.chateau-montsoreau.com\/wordpress\/wp-json\/wp\/v2\/users\/5"}],"replies":[{"embeddable":true,"href":"https:\/\/www.chateau-montsoreau.com\/wordpress\/wp-json\/wp\/v2\/comments?post=7979"}],"version-history":[{"count":17,"href":"https:\/\/www.chateau-montsoreau.com\/wordpress\/wp-json\/wp\/v2\/pages\/7979\/revisions"}],"predecessor-version":[{"id":8892,"href":"https:\/\/www.chateau-montsoreau.com\/wordpress\/wp-json\/wp\/v2\/pages\/7979\/revisions\/8892"}],"wp:attachment":[{"href":"https:\/\/www.chateau-montsoreau.com\/wordpress\/wp-json\/wp\/v2\/media?parent=7979"}],"curies":[{"name":"wp","href":"https:\/\/api.w.org\/{rel}","templated":true}]}}